{"id":97,"date":"2018-09-16T19:46:37","date_gmt":"2018-09-16T19:46:37","guid":{"rendered":"http:\/\/www.schmueckle.com\/?page_id=97"},"modified":"2018-10-13T21:41:19","modified_gmt":"2018-10-13T21:41:19","slug":"wien","status":"publish","type":"page","link":"https:\/\/www.meinedialysereisen.de\/?page_id=97","title":{"rendered":"Wien"},"content":{"rendered":"<p>In Wien war ich in 2014 auf dem Ball der Rudolfina Studentenverbindung Wien, der Rudolfina Redoute, in der Hofburg. Ich gehe gerne auf diesen Ball, da dort mehr moderne Musik gespielt wird als auf vielen anderen B\u00e4llen. Zudem erzeugt die Maskierung der Damen bis zur feierlichen Demaskierung um Mitternacht eine sehr sch\u00f6ne und klassische Stimmung.<\/p>\n<figure id=\"attachment_248\" aria-describedby=\"caption-attachment-248\" style=\"width: 399px\" class=\"wp-caption alignnone\"><img loading=\"lazy\" decoding=\"async\" src=\"http:\/\/www.schmueckle.com\/wp-content\/uploads\/2018\/10\/Wien1.jpg\" alt=\"\" width=\"399\" height=\"600\" class=\"size-full wp-image-248\" srcset=\"https:\/\/www.meinedialysereisen.de\/wp-content\/uploads\/2018\/10\/Wien1.jpg 399w, https:\/\/www.meinedialysereisen.de\/wp-content\/uploads\/2018\/10\/Wien1-200x300.jpg 200w\" sizes=\"auto, (max-width: 399px) 100vw, 399px\" \/><figcaption id=\"caption-attachment-248\" class=\"wp-caption-text\">Wiener Hofburg 2014 im Rittersaal<\/figcaption><\/figure>\n<p>Dialysiert habe ich im AKH Krankenhaus, das sehr zentral in Wien gelegen ist. Ich war zu dieser Zeit frisch an der HD und habe direkt nach dem Abh\u00e4ngen in beiden Oberschenkeln und beiden Waden gleichzeitig Kr\u00e4mpfe bekommen. Es gab eine geb\u00fcckte Haltung in der es ohne Kr\u00e4mpfe ging und ich verharrte dann ersteinmal so. Die Schwestern sind dadurch etwas nerv\u00f6s geworden, sie kannten mich ja als Patient praktisch nicht, ich habe aber gleich etwas zu Trinken bekommen und nach ein paar Minuten war dann alles wieder gut.<\/p>\n<p><b>AKH Wien<\/b><br \/>\nW\u00e4hringer G\u00fcrtel 18 &#8211; 20<br \/>\n1090 Wien<br \/>\nTel: +43 1 40400-73610<br \/>\nTel: +43 1 40400-73620<br \/>\nFax: +43 1 40400-39311<br \/>\nFax: +43 1 40400-39321<\/p>\n<p>Die Station ist sehr modern ausgestattet, es gibt Wiener Schm\u00e4h und pers\u00f6nliche Fernseher.<\/p>\n","protected":false},"excerpt":{"rendered":"<div class=\"mh-excerpt\"><p>In Wien war ich in 2014 auf dem Ball der Rudolfina Studentenverbindung Wien, der Rudolfina Redoute, in der Hofburg. Ich gehe gerne auf diesen Ball, <a class=\"mh-excerpt-more\" href=\"https:\/\/www.meinedialysereisen.de\/?page_id=97\" title=\"Wien\">[&#8230;]<\/a><\/p>\n<\/div>","protected":false},"author":1,"featured_media":0,"parent":95,"menu_order":0,"comment_status":"closed","ping_status":"closed","template":"","meta":{"footnotes":""},"class_list":["post-97","page","type-page","status-publish","hentry"],"_links":{"self":[{"href":"https:\/\/www.meinedialysereisen.de\/index.php?rest_route=\/wp\/v2\/pages\/97","targetHints":{"allow":["GET"]}}],"collection":[{"href":"https:\/\/www.meinedialysereisen.de\/index.php?rest_route=\/wp\/v2\/pages"}],"about":[{"href":"https:\/\/www.meinedialysereisen.de\/index.php?rest_route=\/wp\/v2\/types\/page"}],"author":[{"embeddable":true,"href":"https:\/\/www.meinedialysereisen.de\/index.php?rest_route=\/wp\/v2\/users\/1"}],"replies":[{"embeddable":true,"href":"https:\/\/www.meinedialysereisen.de\/index.php?rest_route=%2Fwp%2Fv2%2Fcomments&post=97"}],"version-history":[{"count":8,"href":"https:\/\/www.meinedialysereisen.de\/index.php?rest_route=\/wp\/v2\/pages\/97\/revisions"}],"predecessor-version":[{"id":220,"href":"https:\/\/www.meinedialysereisen.de\/index.php?rest_route=\/wp\/v2\/pages\/97\/revisions\/220"}],"up":[{"embeddable":true,"href":"https:\/\/www.meinedialysereisen.de\/index.php?rest_route=\/wp\/v2\/pages\/95"}],"wp:attachment":[{"href":"https:\/\/www.meinedialysereisen.de\/index.php?rest_route=%2Fwp%2Fv2%2Fmedia&parent=97"}],"curies":[{"name":"wp","href":"https:\/\/api.w.org\/{rel}","templated":true}]}}