{"id":927,"date":"2021-02-16T21:09:15","date_gmt":"2021-02-16T21:09:15","guid":{"rendered":"https:\/\/www.meinedialysereisen.de\/?page_id=927"},"modified":"2021-03-20T17:57:38","modified_gmt":"2021-03-20T17:57:38","slug":"wie-alles-entstand","status":"publish","type":"page","link":"https:\/\/www.meinedialysereisen.de\/?page_id=927","title":{"rendered":"Die Transplantation"},"content":{"rendered":"<p>Wie alles entstand:<\/p>\n<p>Im November 2020 war ich fast auf den Tag genau neun Jahre an der Dialyse, zwei Jahre PD und sieben Jahre HD an der Maschine.<br \/>\nWenn man auf der Transplantationsliste steht, muss man alle zwei Jahre in sein Transplantationszentrum, in M\u00fcnchen sind das Rechts der Isar oder Gro\u00dfhadern, zur Kontrolle vorstellig werden. Ich war Anfang Oktober 2020 zur Kontrolle in Gro\u00dfhadern und da wurde mir gesagt, dass man sich, bei meiner langen Wartezeit, wundern w\u00fcrde, wenn ich in zwei Jahren wieder zur Kontrolle kommen w\u00fcrde.<br \/>\nSprich, die \u00c4rzte gingen von einer baldigen Transplantation aus.<\/p>\n<p>Am 30.10. klingelte gegen 10:00 Uhr, w\u00e4hrend einem Teams Meeting, ich war im Homeoffice, da die zweite Corona Welle gerade im Anrollen war, das Handy und an der Nummer sah ich, dass es Gro\u00dfhadern war.<br \/>\nIch bin nat\u00fcrlich hingegangen und der Anrufer er\u00f6ffnete mir, dass es ein Organ f\u00fcr mich gibt, sie aber noch ein paar Tests machen m\u00fcssen und mich nochmal anrufen. Ich solle auf jeden Fall alles machen, was ich noch zu tun habe und auch am Nachmittag zur Dialyse gehen.<br \/>\nAm Nachmittag bin ich dann planm\u00e4\u00dfig zur Dialyse gegangen, hatte aber das N\u00f6tigste f\u00fcr einen kurzen Krankenhausaufenthalt schon mit dabei.<\/p>\n<p>Im Dialysezentrum waren alle ganz \u00fcberrascht, dass ich da bin und hatten gar keine Maschine mehr f\u00fcr mich hergerichtet. Jeder war \u00fcberzeugt, dass ich schon in Gro\u00dfhadern einger\u00fcckt war.<br \/>\nIch war knapp 30 Minuten an der Dialyse, da klingelte das Telefon erneut und ich habe den Einr\u00fcckbefehl nach Gro\u00dfhadern bekommen.<br \/>\nDort angekommen wurde ich in die Transplantationsabteilung geschickt und nach einem Kernspint &#8211; Coronatest wurde ich auf die OP vorbereitet.<br \/>\nEine gro\u00dfe H\u00fcrde war, dass ich mir die Brusthaare rasieren musste. Das hatte die Transplantation kurzzeitig stark gef\u00e4hrdet. \ud83d\ude09<br \/>\nMeinen Bart, den ich seit September habe wachsen lassen, durfte ich jedoch behalten.<br \/>\nDas hat mich dann doch noch milde gestimmt und sie haben mit den OP Vorbereitungen weitergemacht. \ud83d\ude09<\/p>\n<p>Dann gings runter zu den OP S\u00e4len und ein paar Minuten sp\u00e4ter war ich auch schon weg.<br \/>\nDen Tag nach der OP habe ich weitgehend verpennt, wegen hohen Kaliumwerten nach der OP wurde aber noch eine letzte Dialyse gemacht.<\/p>\n<p>Auf den folgenden Seite berichte ich monatlich, was ich alles als Transplantierter erlebe und wie es mir geht.<\/p>\n<p><a href=\"https:\/\/www.meinedialysereisen.de\/?page_id=946\">Monat 1 \u2013 November 2020<\/a><br \/>\n<a href=\"https:\/\/www.meinedialysereisen.de\/?page_id=976\">Monat 2 &#8211; Dezember 2020<\/a><br \/>\n<a href=\"https:\/\/www.meinedialysereisen.de\/?page_id=1009\">Monat 3 \u2013 Januar 2021<\/a><br \/>\n<a href=\"https:\/\/www.meinedialysereisen.de\/?page_id=1071\">Monat 4 \u2013 Februar 2021<\/a><\/p>\n","protected":false},"excerpt":{"rendered":"<div class=\"mh-excerpt\"><p>Wie alles entstand: Im November 2020 war ich fast auf den Tag genau neun Jahre an der Dialyse, zwei Jahre PD und sieben Jahre HD <a class=\"mh-excerpt-more\" href=\"https:\/\/www.meinedialysereisen.de\/?page_id=927\" title=\"Die Transplantation\">[&#8230;]<\/a><\/p>\n<\/div>","protected":false},"author":1,"featured_media":0,"parent":0,"menu_order":0,"comment_status":"closed","ping_status":"closed","template":"template-full.php","meta":{"footnotes":""},"class_list":["post-927","page","type-page","status-publish","hentry"],"_links":{"self":[{"href":"https:\/\/www.meinedialysereisen.de\/index.php?rest_route=\/wp\/v2\/pages\/927","targetHints":{"allow":["GET"]}}],"collection":[{"href":"https:\/\/www.meinedialysereisen.de\/index.php?rest_route=\/wp\/v2\/pages"}],"about":[{"href":"https:\/\/www.meinedialysereisen.de\/index.php?rest_route=\/wp\/v2\/types\/page"}],"author":[{"embeddable":true,"href":"https:\/\/www.meinedialysereisen.de\/index.php?rest_route=\/wp\/v2\/users\/1"}],"replies":[{"embeddable":true,"href":"https:\/\/www.meinedialysereisen.de\/index.php?rest_route=%2Fwp%2Fv2%2Fcomments&post=927"}],"version-history":[{"count":10,"href":"https:\/\/www.meinedialysereisen.de\/index.php?rest_route=\/wp\/v2\/pages\/927\/revisions"}],"predecessor-version":[{"id":1102,"href":"https:\/\/www.meinedialysereisen.de\/index.php?rest_route=\/wp\/v2\/pages\/927\/revisions\/1102"}],"wp:attachment":[{"href":"https:\/\/www.meinedialysereisen.de\/index.php?rest_route=%2Fwp%2Fv2%2Fmedia&parent=927"}],"curies":[{"name":"wp","href":"https:\/\/api.w.org\/{rel}","templated":true}]}}

<p>Wie alles entstand:</p>
<p>Im November 2020 war ich fast auf den Tag genau neun Jahre an der Dialyse, zwei Jahre PD und sieben Jahre HD an der Maschine.<br />
Wenn man auf der Transplantationsliste steht, muss man alle zwei Jahre in sein Transplantationszentrum, in München sind das Rechts der Isar oder Großhadern, zur Kontrolle vorstellig werden. Ich war Anfang Oktober 2020 zur Kontrolle in Großhadern und da wurde mir gesagt, dass man sich, bei meiner langen Wartezeit, wundern würde, wenn ich in zwei Jahren wieder zur Kontrolle kommen würde.<br />
Sprich, die Ärzte gingen von einer baldigen Transplantation aus.</p>
<p>Am 30.10. klingelte gegen 10:00 Uhr, während einem Teams Meeting, ich war im Homeoffice, da die zweite Corona Welle gerade im Anrollen war, das Handy und an der Nummer sah ich, dass es Großhadern war.<br />
Ich bin natürlich hingegangen und der Anrufer eröffnete mir, dass es ein Organ für mich gibt, sie aber noch ein paar Tests machen müssen und mich nochmal anrufen. Ich solle auf jeden Fall alles machen, was ich noch zu tun habe und auch am Nachmittag zur Dialyse gehen.<br />
Am Nachmittag bin ich dann planmäßig zur Dialyse gegangen, hatte aber das Nötigste für einen kurzen Krankenhausaufenthalt schon mit dabei.</p>
<p>Im Dialysezentrum waren alle ganz überrascht, dass ich da bin und hatten gar keine Maschine mehr für mich hergerichtet. Jeder war überzeugt, dass ich schon in Großhadern eingerückt war.<br />
Ich war knapp 30 Minuten an der Dialyse, da klingelte das Telefon erneut und ich habe den Einrückbefehl nach Großhadern bekommen.<br />
Dort angekommen wurde ich in die Transplantationsabteilung geschickt und nach einem Kernspint &#8211; Coronatest wurde ich auf die OP vorbereitet.<br />
Eine große Hürde war, dass ich mir die Brusthaare rasieren musste. Das hatte die Transplantation kurzzeitig stark gefährdet. 😉<br />
Meinen Bart, den ich seit September habe wachsen lassen, durfte ich jedoch behalten.<br />
Das hat mich dann doch noch milde gestimmt und sie haben mit den OP Vorbereitungen weitergemacht. 😉</p>
<p>Dann gings runter zu den OP Sälen und ein paar Minuten später war ich auch schon weg.<br />
Den Tag nach der OP habe ich weitgehend verpennt, wegen hohen Kaliumwerten nach der OP wurde aber noch eine letzte Dialyse gemacht.</p>
<p>Auf den folgenden Seite berichte ich monatlich, was ich alles als Transplantierter erlebe und wie es mir geht.</p>
<p><a href="https://www.meinedialysereisen.de/?page_id=946">Monat 1 – November 2020</a><br />
<a href="https://www.meinedialysereisen.de/?page_id=976">Monat 2 &#8211; Dezember 2020</a><br />
<a href="https://www.meinedialysereisen.de/?page_id=1009">Monat 3 – Januar 2021</a><br />
<a href="https://www.meinedialysereisen.de/?page_id=1071">Monat 4 – Februar 2021</a></p>
