{"id":9,"date":"2018-09-13T19:28:06","date_gmt":"2018-09-13T19:28:06","guid":{"rendered":"http:\/\/www.schmueckle.com\/?page_id=9"},"modified":"2018-10-09T16:55:23","modified_gmt":"2018-10-09T16:55:23","slug":"siniscola","status":"publish","type":"page","link":"https:\/\/www.meinedialysereisen.de\/?page_id=9","title":{"rendered":"Siniscola (Sardinien)"},"content":{"rendered":"<p>In Siniscola, genau genommen in Capo Comino, auf Sardinen war ich in 2016 f\u00fcr 10 Tage zum Motorradfahren.<\/p>\n<figure id=\"attachment_262\" aria-describedby=\"caption-attachment-262\" style=\"width: 828px\" class=\"wp-caption alignnone\"><img loading=\"lazy\" decoding=\"async\" src=\"http:\/\/www.meinedialysereisen.de\/wp-content\/uploads\/2018\/10\/Siniscola.jpg\" alt=\"\" width=\"828\" height=\"611\" class=\"size-full wp-image-262\" srcset=\"https:\/\/www.meinedialysereisen.de\/wp-content\/uploads\/2018\/10\/Siniscola.jpg 828w, https:\/\/www.meinedialysereisen.de\/wp-content\/uploads\/2018\/10\/Siniscola-300x221.jpg 300w, https:\/\/www.meinedialysereisen.de\/wp-content\/uploads\/2018\/10\/Siniscola-768x567.jpg 768w, https:\/\/www.meinedialysereisen.de\/wp-content\/uploads\/2018\/10\/Siniscola-80x60.jpg 80w\" sizes=\"auto, (max-width: 828px) 100vw, 828px\" \/><figcaption id=\"caption-attachment-262\" class=\"wp-caption-text\">Strand von Capo Comino 2016<\/figcaption><\/figure>\n<p>Dialysiert habe ich im Krankenhaus von Sinscola. Die Dialysestation befindet sich in einem neuen separaten Geb\u00e4ude rechter Hand, wenn man auf das Klinikgel\u00e4nde f\u00e4hrt, und man kann direkt davor parken. Zumindest habe ich meine Ducati direkt davor parken d\u00fcrfen.<\/p>\n<p><b>Azienda Unita&#8216; Sanitaria Locale N. 3<\/b><br \/>\nVia Isalle, 93<br \/>\n08029 Siniscola NU, Italien<br \/>\n+39 0784 820022<\/p>\n<p>Die Verst\u00e4ndigung war schwierig da die dort kein Wort englisch gesprochen haben und ich meinen Online\u00fcbersetzer nicht dabei hatte.<br \/>\nEs gibt Fernseher, die an der Decke h\u00e4ngen, wenn man aber kein Italienisch spricht, bringt das nicht viel.<br \/>\nSo sollte man, wie so oft, f\u00fcr den Zeitvertreib selber sorgen.<\/p>\n","protected":false},"excerpt":{"rendered":"<div class=\"mh-excerpt\"><p>In Siniscola, genau genommen in Capo Comino, auf Sardinen war ich in 2016 f\u00fcr 10 Tage zum Motorradfahren. Dialysiert habe ich im Krankenhaus von Sinscola. <a class=\"mh-excerpt-more\" href=\"https:\/\/www.meinedialysereisen.de\/?page_id=9\" title=\"Siniscola (Sardinien)\">[&#8230;]<\/a><\/p>\n<\/div>","protected":false},"author":1,"featured_media":0,"parent":5,"menu_order":0,"comment_status":"closed","ping_status":"closed","template":"","meta":{"footnotes":""},"class_list":["post-9","page","type-page","status-publish","hentry"],"_links":{"self":[{"href":"https:\/\/www.meinedialysereisen.de\/index.php?rest_route=\/wp\/v2\/pages\/9","targetHints":{"allow":["GET"]}}],"collection":[{"href":"https:\/\/www.meinedialysereisen.de\/index.php?rest_route=\/wp\/v2\/pages"}],"about":[{"href":"https:\/\/www.meinedialysereisen.de\/index.php?rest_route=\/wp\/v2\/types\/page"}],"author":[{"embeddable":true,"href":"https:\/\/www.meinedialysereisen.de\/index.php?rest_route=\/wp\/v2\/users\/1"}],"replies":[{"embeddable":true,"href":"https:\/\/www.meinedialysereisen.de\/index.php?rest_route=%2Fwp%2Fv2%2Fcomments&post=9"}],"version-history":[{"count":9,"href":"https:\/\/www.meinedialysereisen.de\/index.php?rest_route=\/wp\/v2\/pages\/9\/revisions"}],"predecessor-version":[{"id":271,"href":"https:\/\/www.meinedialysereisen.de\/index.php?rest_route=\/wp\/v2\/pages\/9\/revisions\/271"}],"up":[{"embeddable":true,"href":"https:\/\/www.meinedialysereisen.de\/index.php?rest_route=\/wp\/v2\/pages\/5"}],"wp:attachment":[{"href":"https:\/\/www.meinedialysereisen.de\/index.php?rest_route=%2Fwp%2Fv2%2Fmedia&parent=9"}],"curies":[{"name":"wp","href":"https:\/\/api.w.org\/{rel}","templated":true}]}}