{"id":859,"date":"2020-10-08T21:14:28","date_gmt":"2020-10-08T21:14:28","guid":{"rendered":"https:\/\/www.meinedialysereisen.de\/?page_id=859"},"modified":"2021-02-16T21:31:05","modified_gmt":"2021-02-16T21:31:05","slug":"859-2","status":"publish","type":"page","link":"https:\/\/www.meinedialysereisen.de\/?page_id=859","title":{"rendered":"Kurzurlaub in Mayrhofen im September 2020"},"content":{"rendered":"<p>Da ich f\u00fcr mich als Dialysepflichtiger Fernreisen als sehr anstrengend empfinde und in fernen L\u00e4ndern, aus meiner Sicht, immer ein erh\u00f6htes Risiko besteht, sich im Dialysezentrum eine Hepatitis oder \u00c4hnliches einzufangen, habe ich mich in 2020 f\u00fcr einen Urlaub von 10 Tagen in \u00d6sterreich entschieden.<br \/>\nMeine Wahl fiel hier auf Mayrhofen, da ich dort ein paar Wanderungen machen wollte, f\u00fcr die bei der Alpen\u00fcberquerung in 2019 keine Zeit war. Als Beispiel sei hier der Aschaffenburger H\u00f6henweg genannt.<br \/>\nUntergebracht waren wir wieder im Rauchenwalderhof, den ich nach wie vor uneingeschr\u00e4nkt weiterempfehlen kann. Ich habe mich auch gleich am ersten Tag mit einer Flasche Selbstgebranntem vom Herbergsvater versorgt und mich f\u00fcr den Meisterwurz entschieden. Ein krasses Zeug, wenn man da am Gipfel als Gipfelschnaps zu viel erwischt kommt man nimmer Heim. ?<\/p>\n<p>Dialysieren wollte, oder besser mu\u00dfte, ich in Thiersee, da das Dialysezentrum in Schwaz, in dem ich auch zu meiner Alpen\u00fcberquerung dialysiert habe, wegen Corona keine G\u00e4ste genommen hat.<br \/>\nLeider waren die Wetteraussichten bei der Abfahrt nicht so ganz gut und, was aber viel schlimmer war, das Dialysezentrum in Thiersee hatte mir am Tag vor der Abreise den Dialyseplatz abgesagt. F\u00fcr mich absolut unverst\u00e4ndlich, da die eigentlich wissen sollten, ich welche Bedr\u00e4ngnis die mich damit bringen. Es h\u00e4tte zumindest die erste Dialyse am Montag durchgef\u00fchrt werden k\u00f6nnen, so h\u00e4tte ich mich noch ohne Druck nach einer Alternative umsehen k\u00f6nnen.<br \/>\nGl\u00fccklicherweise hatte das KFH Dialysezentrum in Miesbach noch einen Platz in der Mittagsschicht f\u00fcr mich frei. Das war insofern ein Nachteil, da ich ein paar krasse Wanderungen machen wollte, bspw. Wollbachspitze oder den Tristner, die ich nur schaffe, wenn ich eine m\u00f6glichst lange Zeit zwischen Dialyse und der Wanderung habe, sprich in der Fr\u00fchschicht dran bin. Aber nun ging das nicht anders und bei einer Anreisezeit von mindestens 1,5 Stunden von Mayrhofen nach Miesbach war ich dann auch nicht so ungl\u00fccklich dar\u00fcber.<\/p>\n<p>Am Samstag, den 19.09., unserem Anreisetag, war der Plan auf die Ahornspitze zu gehen und, weil es f\u00fcr mit der Gondel zum Runterfahren zu sp\u00e4t werden w\u00fcrde, Radl mit rauf zu nehmen um dann am Abend mit den Radln runter zu fahren. Sonst w\u00e4ren das knapp 2.400hm zum Runterlaufen gewesen. Aber leider kann man in der Ahornbahn keine Fahrr\u00e4der mitnehmen und so mu\u00dften wir umdisponieren und sind auf den Filzenschneid, mit einem Zwischenstopp auf dem Filzenkogel, gegangen. Da wir irgendwie immer einen Gipfel erklimmen wollen, haben wir uns dann auf der dritten Erh\u00f6hung des Filzenschneid mit gefundenen Holzresten ein eigenes Gipfelkreuz gebastelt und den so neu erschlossenen Gipfel nach meiner Tochter, die an dem Wochenende mit dabei war, \u201eDie Hohe Inga\u201c getauft.<\/p>\n<p>Da wir auch den Olperer begehen wollten, die Schneelage aber unklar war, sind wir am Sonntag auf den Hohen Riffler gegangen. Die Idee war, von dort mit dem Fernglas die Schneesituation am Olperer zu checken. Zudem ist der Hohe Riffler mit 1400hm eine gute \u00dcbung f\u00fcr den 250 Meter h\u00f6heren Olperer.<br \/>\nAusgangspunkt war der Parkplatz am Schlegeisspeicher, von dem aus es \u00fcber einen relativ langen Marsch auf dem Weg 532 in den Talabschnitt geht, von dem aus der Hohe Riffler begangen wird. Bis zum Friesenberghaus wird auf normalen Wanderwegen gegangen, ab dem Friesenberghaus beginnt auf dem Weg 526 das Blockgel\u00e4nde. Es l\u00e4sst sich aber alles gut begehen und am Gipfel angekommen wird man mit einer grandiosen Rundumfernsicht belohnt. Zum Olperer kann man nur mit Hindernissen gucken, aber das was wir gesehen haben, war, dass f\u00fcr uns schon zu viel Schnee liegt, um da ohne F\u00fchrer hochzugehen. Hochtouren mit Steigeisen haben wir bisher noch nicht gemacht und halten das am Anfang ohne Profibegleitung f\u00fcr zu gef\u00e4hrlich. Nach einer Brotzeit am Gipfel des Hohen Riffler ging es wieder runter. Das Blockgel\u00e4nde nervt nach ein \u2013 zwei Stunden einfach kolossal. Wir waren froh, als wir es hinter uns lassen konnten. Der Hatsch vom Friesenberghaus zur\u00fcck zum Parkplatz zog sich auch ziemlich, in Summe l\u00e4uft man fast 15km.<\/p>\n<p>Am Montag war dann Dialysetag in Miesbach, eine elende Fahrerei. <\/p>\n<p>Am Dienstag gingen wir dann auf die Ahornspitze. Wir g\u00f6nnten uns den Luxus und sind mit der Bahn gefahren, so waren es nur noch knapp 1.000hm rauf. Die erste Stunde geht man durch sch\u00f6nes Almen Gel\u00e4nde, bis man oberhalb der Karl von Edel H\u00fctte ins Blockgel\u00e4nde kommt. Nach einer weiteren Stunde ist man auch schon am Gipfel, der auch eine sehr sch\u00f6ne Fernsicht auf die Zillertaler und Tuxer Alpen bietet. Zur\u00fcck sind wir dann \u00fcber die Popbergschneide, den Toreggenkopf und den Filzenschneid gegangen. Das war dann noch eine ganz nette Wanderung.<\/p>\n<p>Mittwoch war wieder Dialysetag, die Fahrerei war immer noch elendig, diesmal habe ich fast zwei Stunden gebraucht.<\/p>\n<p>Am Donnerstag sollte das Wetter am Nachmittag schlecht werden, was eine lange Wanderung auf den Tristner oder auf die Vordere Grindbergspitze verhinderte. Wir entschlossen uns dann in den Klettergarten am Knorren zu gehen. Als erstes, zum Warmwerden, kletterten wir \u00fcber die Route 21, eine 4+, auf die Knorrennadel. Raphael im Vorstieg, ich im Nachstieg. Anschlie\u00dfend kletterte Raphael die Route 24, eine 6+, und ich die 25, eine 5-. Dann wagte sich Raphael an die \u201eHurra die Gelbe\u201c Route, eine 8+. Hier kam er immerhin fast bis zur letzten Expresse, eine beachtliche Leistung. Ich kletterte dann die Route Route 21 nochmal im Vorstieg, da ich noch ein Gipfelfoto von der Knorrennadel brauchte. Raphael nahm sich danach die Route \u201ePenkenneger\u201c, eine 7+, vor, die er auf Anhieb durchstieg. Dann sollte ich noch eine echte 5 machen und suchte mir die Route \u201eTropp\u201c aus. Da wir die nicht auf Anhieb gefunden haben, war ich schon froh, dass ich da drumherum komme. Leider hat Raphael die Route dann doch noch gefunden und so kam ich dann nicht mehr aus. War aber anschlie\u00dfend froh, dass ich doch noch eine richtige 5 durchgeklettert bin. Nach dem jeder von uns vier Routen geklettert war machten wir uns auf den Heimweg. Der Knorren Klettergarten ist richtig gut, da es viele leichtere Routen unter 6 gibt, aber auch f\u00fcr Raphael einige schwerere Routen vorhanden sind. So hatte jeder seinen Spa\u00df.<br \/>\nDer Freitag war wieder Dialysetag. Es war Schneefall bis 1000 Meter angesagt. So bin ich auch auf der R\u00fcckfahrt am Achenpass durch Schneematsch gefahren. So langsam bin da noch nie gefahren, mit meinen Sommerreifen im Schneematsch. Raphael und ich hatten bereits beschlossen, dass wir am kommenden Montag heimfahren, da die Wettervorhersage f\u00fcr die kommenden Tage in Mayrhofen schlecht war und es auf den hohen Gipfeln schon ordentlich geschneit hat. Und nicht zuletzt wegen der Fahrerei nach Miesbach. Da machte uns aber das Robert Koch Institut einen Strich durch die Rechnung, die am Freitagabend Tirol zum Corona Risikogebiet erkl\u00e4rt hat. So mu\u00dften wir schon am Samstagmorgen abreisen und direkt in mein Dialysezentrum in der Elsenheimerstra\u00dfe zum Corona Test vorstellig werden. Bis zum zweiten negativen Test eine Woche sp\u00e4ter wurde ich zur Dialyse im Dialysezentrum isoliert.<\/p>\n<p>So war der Urlaub leider nicht wie erwartet, aber wir haben aus den Tagen, an denen wir dort waren, das Maximum herausgeholt. Von dem her ist das Fazit durchaus positiv und bedarf einer Wiederholung.<\/p>\n<p>Hier ein Filmchen von unseren Wanderungen in Mayrhofen<\/p>\n<p><iframe loading=\"lazy\" width=\"560\" height=\"315\" src=\"https:\/\/www.youtube.com\/embed\/0gbj8h_z5CQ\" frameborder=\"0\" allow=\"accelerometer; autoplay; clipboard-write; encrypted-media; gyroscope; picture-in-picture\" allowfullscreen><\/iframe><\/p>\n","protected":false},"excerpt":{"rendered":"<div class=\"mh-excerpt\"><p>Da ich f\u00fcr mich als Dialysepflichtiger Fernreisen als sehr anstrengend empfinde und in fernen L\u00e4ndern, aus meiner Sicht, immer ein erh\u00f6htes Risiko besteht, sich im <a class=\"mh-excerpt-more\" href=\"https:\/\/www.meinedialysereisen.de\/?page_id=859\" title=\"Kurzurlaub in Mayrhofen im September 2020\">[&#8230;]<\/a><\/p>\n<\/div>","protected":false},"author":1,"featured_media":0,"parent":0,"menu_order":0,"comment_status":"closed","ping_status":"closed","template":"","meta":{"footnotes":""},"class_list":["post-859","page","type-page","status-publish","hentry"],"_links":{"self":[{"href":"https:\/\/www.meinedialysereisen.de\/index.php?rest_route=\/wp\/v2\/pages\/859","targetHints":{"allow":["GET"]}}],"collection":[{"href":"https:\/\/www.meinedialysereisen.de\/index.php?rest_route=\/wp\/v2\/pages"}],"about":[{"href":"https:\/\/www.meinedialysereisen.de\/index.php?rest_route=\/wp\/v2\/types\/page"}],"author":[{"embeddable":true,"href":"https:\/\/www.meinedialysereisen.de\/index.php?rest_route=\/wp\/v2\/users\/1"}],"replies":[{"embeddable":true,"href":"https:\/\/www.meinedialysereisen.de\/index.php?rest_route=%2Fwp%2Fv2%2Fcomments&post=859"}],"version-history":[{"count":11,"href":"https:\/\/www.meinedialysereisen.de\/index.php?rest_route=\/wp\/v2\/pages\/859\/revisions"}],"predecessor-version":[{"id":936,"href":"https:\/\/www.meinedialysereisen.de\/index.php?rest_route=\/wp\/v2\/pages\/859\/revisions\/936"}],"wp:attachment":[{"href":"https:\/\/www.meinedialysereisen.de\/index.php?rest_route=%2Fwp%2Fv2%2Fmedia&parent=859"}],"curies":[{"name":"wp","href":"https:\/\/api.w.org\/{rel}","templated":true}]}}

<p>Da ich für mich als Dialysepflichtiger Fernreisen als sehr anstrengend empfinde und in fernen Ländern, aus meiner Sicht, immer ein erhöhtes Risiko besteht, sich im Dialysezentrum eine Hepatitis oder Ähnliches einzufangen, habe ich mich in 2020 für einen Urlaub von 10 Tagen in Österreich entschieden.<br />
Meine Wahl fiel hier auf Mayrhofen, da ich dort ein paar Wanderungen machen wollte, für die bei der Alpenüberquerung in 2019 keine Zeit war. Als Beispiel sei hier der Aschaffenburger Höhenweg genannt.<br />
Untergebracht waren wir wieder im Rauchenwalderhof, den ich nach wie vor uneingeschränkt weiterempfehlen kann. Ich habe mich auch gleich am ersten Tag mit einer Flasche Selbstgebranntem vom Herbergsvater versorgt und mich für den Meisterwurz entschieden. Ein krasses Zeug, wenn man da am Gipfel als Gipfelschnaps zu viel erwischt kommt man nimmer Heim. ?</p>
<p>Dialysieren wollte, oder besser mußte, ich in Thiersee, da das Dialysezentrum in Schwaz, in dem ich auch zu meiner Alpenüberquerung dialysiert habe, wegen Corona keine Gäste genommen hat.<br />
Leider waren die Wetteraussichten bei der Abfahrt nicht so ganz gut und, was aber viel schlimmer war, das Dialysezentrum in Thiersee hatte mir am Tag vor der Abreise den Dialyseplatz abgesagt. Für mich absolut unverständlich, da die eigentlich wissen sollten, ich welche Bedrängnis die mich damit bringen. Es hätte zumindest die erste Dialyse am Montag durchgeführt werden können, so hätte ich mich noch ohne Druck nach einer Alternative umsehen können.<br />
Glücklicherweise hatte das KFH Dialysezentrum in Miesbach noch einen Platz in der Mittagsschicht für mich frei. Das war insofern ein Nachteil, da ich ein paar krasse Wanderungen machen wollte, bspw. Wollbachspitze oder den Tristner, die ich nur schaffe, wenn ich eine möglichst lange Zeit zwischen Dialyse und der Wanderung habe, sprich in der Frühschicht dran bin. Aber nun ging das nicht anders und bei einer Anreisezeit von mindestens 1,5 Stunden von Mayrhofen nach Miesbach war ich dann auch nicht so unglücklich darüber.</p>
<p>Am Samstag, den 19.09., unserem Anreisetag, war der Plan auf die Ahornspitze zu gehen und, weil es für mit der Gondel zum Runterfahren zu spät werden würde, Radl mit rauf zu nehmen um dann am Abend mit den Radln runter zu fahren. Sonst wären das knapp 2.400hm zum Runterlaufen gewesen. Aber leider kann man in der Ahornbahn keine Fahrräder mitnehmen und so mußten wir umdisponieren und sind auf den Filzenschneid, mit einem Zwischenstopp auf dem Filzenkogel, gegangen. Da wir irgendwie immer einen Gipfel erklimmen wollen, haben wir uns dann auf der dritten Erhöhung des Filzenschneid mit gefundenen Holzresten ein eigenes Gipfelkreuz gebastelt und den so neu erschlossenen Gipfel nach meiner Tochter, die an dem Wochenende mit dabei war, „Die Hohe Inga“ getauft.</p>
<p>Da wir auch den Olperer begehen wollten, die Schneelage aber unklar war, sind wir am Sonntag auf den Hohen Riffler gegangen. Die Idee war, von dort mit dem Fernglas die Schneesituation am Olperer zu checken. Zudem ist der Hohe Riffler mit 1400hm eine gute Übung für den 250 Meter höheren Olperer.<br />
Ausgangspunkt war der Parkplatz am Schlegeisspeicher, von dem aus es über einen relativ langen Marsch auf dem Weg 532 in den Talabschnitt geht, von dem aus der Hohe Riffler begangen wird. Bis zum Friesenberghaus wird auf normalen Wanderwegen gegangen, ab dem Friesenberghaus beginnt auf dem Weg 526 das Blockgelände. Es lässt sich aber alles gut begehen und am Gipfel angekommen wird man mit einer grandiosen Rundumfernsicht belohnt. Zum Olperer kann man nur mit Hindernissen gucken, aber das was wir gesehen haben, war, dass für uns schon zu viel Schnee liegt, um da ohne Führer hochzugehen. Hochtouren mit Steigeisen haben wir bisher noch nicht gemacht und halten das am Anfang ohne Profibegleitung für zu gefährlich. Nach einer Brotzeit am Gipfel des Hohen Riffler ging es wieder runter. Das Blockgelände nervt nach ein – zwei Stunden einfach kolossal. Wir waren froh, als wir es hinter uns lassen konnten. Der Hatsch vom Friesenberghaus zurück zum Parkplatz zog sich auch ziemlich, in Summe läuft man fast 15km.</p>
<p>Am Montag war dann Dialysetag in Miesbach, eine elende Fahrerei. </p>
<p>Am Dienstag gingen wir dann auf die Ahornspitze. Wir gönnten uns den Luxus und sind mit der Bahn gefahren, so waren es nur noch knapp 1.000hm rauf. Die erste Stunde geht man durch schönes Almen Gelände, bis man oberhalb der Karl von Edel Hütte ins Blockgelände kommt. Nach einer weiteren Stunde ist man auch schon am Gipfel, der auch eine sehr schöne Fernsicht auf die Zillertaler und Tuxer Alpen bietet. Zurück sind wir dann über die Popbergschneide, den Toreggenkopf und den Filzenschneid gegangen. Das war dann noch eine ganz nette Wanderung.</p>
<p>Mittwoch war wieder Dialysetag, die Fahrerei war immer noch elendig, diesmal habe ich fast zwei Stunden gebraucht.</p>
<p>Am Donnerstag sollte das Wetter am Nachmittag schlecht werden, was eine lange Wanderung auf den Tristner oder auf die Vordere Grindbergspitze verhinderte. Wir entschlossen uns dann in den Klettergarten am Knorren zu gehen. Als erstes, zum Warmwerden, kletterten wir über die Route 21, eine 4+, auf die Knorrennadel. Raphael im Vorstieg, ich im Nachstieg. Anschließend kletterte Raphael die Route 24, eine 6+, und ich die 25, eine 5-. Dann wagte sich Raphael an die „Hurra die Gelbe“ Route, eine 8+. Hier kam er immerhin fast bis zur letzten Expresse, eine beachtliche Leistung. Ich kletterte dann die Route Route 21 nochmal im Vorstieg, da ich noch ein Gipfelfoto von der Knorrennadel brauchte. Raphael nahm sich danach die Route „Penkenneger“, eine 7+, vor, die er auf Anhieb durchstieg. Dann sollte ich noch eine echte 5 machen und suchte mir die Route „Tropp“ aus. Da wir die nicht auf Anhieb gefunden haben, war ich schon froh, dass ich da drumherum komme. Leider hat Raphael die Route dann doch noch gefunden und so kam ich dann nicht mehr aus. War aber anschließend froh, dass ich doch noch eine richtige 5 durchgeklettert bin. Nach dem jeder von uns vier Routen geklettert war machten wir uns auf den Heimweg. Der Knorren Klettergarten ist richtig gut, da es viele leichtere Routen unter 6 gibt, aber auch für Raphael einige schwerere Routen vorhanden sind. So hatte jeder seinen Spaß.<br />
Der Freitag war wieder Dialysetag. Es war Schneefall bis 1000 Meter angesagt. So bin ich auch auf der Rückfahrt am Achenpass durch Schneematsch gefahren. So langsam bin da noch nie gefahren, mit meinen Sommerreifen im Schneematsch. Raphael und ich hatten bereits beschlossen, dass wir am kommenden Montag heimfahren, da die Wettervorhersage für die kommenden Tage in Mayrhofen schlecht war und es auf den hohen Gipfeln schon ordentlich geschneit hat. Und nicht zuletzt wegen der Fahrerei nach Miesbach. Da machte uns aber das Robert Koch Institut einen Strich durch die Rechnung, die am Freitagabend Tirol zum Corona Risikogebiet erklärt hat. So mußten wir schon am Samstagmorgen abreisen und direkt in mein Dialysezentrum in der Elsenheimerstraße zum Corona Test vorstellig werden. Bis zum zweiten negativen Test eine Woche später wurde ich zur Dialyse im Dialysezentrum isoliert.</p>
<p>So war der Urlaub leider nicht wie erwartet, aber wir haben aus den Tagen, an denen wir dort waren, das Maximum herausgeholt. Von dem her ist das Fazit durchaus positiv und bedarf einer Wiederholung.</p>
<p>Hier ein Filmchen von unseren Wanderungen in Mayrhofen</p>
<p><iframe loading="lazy" width="560" height="315" src="https://www.youtube.com/embed/0gbj8h_z5CQ" frameborder="0" allow="accelerometer; autoplay; clipboard-write; encrypted-media; gyroscope; picture-in-picture" allowfullscreen></iframe></p>

<div class="mh-excerpt"><p>Da ich für mich als Dialysepflichtiger Fernreisen als sehr anstrengend empfinde und in fernen Ländern, aus meiner Sicht, immer ein erhöhtes Risiko besteht, sich im <a class="mh-excerpt-more" href="https://www.meinedialysereisen.de/?page_id=859" title="Kurzurlaub in Mayrhofen im September 2020">[&#8230;]</a></p>
</div>
