{"id":651,"date":"2019-11-17T18:44:59","date_gmt":"2019-11-17T18:44:59","guid":{"rendered":"https:\/\/www.meinedialysereisen.de\/?page_id=651"},"modified":"2021-02-16T21:30:50","modified_gmt":"2021-02-16T21:30:50","slug":"hochglueck-klettersteig","status":"publish","type":"page","link":"https:\/\/www.meinedialysereisen.de\/?page_id=651","title":{"rendered":"H\u00f6hengl\u00fccksteig Klettersteig im Oktober 2019"},"content":{"rendered":"<p>Kurz nach meiner Alpen\u00fcberquerung im Juni 2019 habe ich mit Raphael angefangen Klettersteige zu gehen. Raphael hatte schon etwas Erfahrung, f\u00fcr mich war das etwas v\u00f6llig Neues.<br \/>\nNach dem ich mich mit dem n\u00f6tigen Equipment ausgestattet hatte, Material einkaufen macht ja mindestens genauso viel Spa\u00df wie selbiges dann am Berg einzusetzen, machten wir unsere ersten \u00dcbungsg\u00e4nge am Rofan und gingen den Hochiss, das Spieljoch und die Seekarlspitze. Das war f\u00fcr mich schon sehr beeindruckend.<br \/>\nZwischenzeitlich konnten wir meine Tochter Inga und Raphaels Freundin Patti auch f\u00fcr Klettersteige begeistern.<br \/>\nAn meinem Geburtstag 2019 sind wir dann zu Dritt, Raphael, Patti und ich fr\u00fch Morgens aufgebrochen um den H\u00f6hengl\u00fccksteig Klettersteig in der Fr\u00e4nkischen Schweiz bei Lauf\/Hersbruck zu gehen.<br \/>\nWir hatten super Herbstwetter und sind ohne besondere Vorkommnisse am Wanderparkplatz Hegendorf angekommen. Von dort geht es gut beschildert ca. 30 Minuten zu Fu\u00df zum Einstieg des Steigs. Der Steig ist mit bis zu Schwierigkeitsgrad E eingestuft und so geht es auch gleich los.<br \/>\nRechts vom Einstig ist eine leichtere Ausweichroute, die ich heute nehmen w\u00fcrde. Der E Teil im Einstig hat mir schon alles abverlangt und lies mich nichts Gutes ahnen, was da noch alles auf uns zu kommt.<\/p>\n<figure id=\"attachment_656\" aria-describedby=\"caption-attachment-656\" style=\"width: 450px\" class=\"wp-caption alignnone\"><img loading=\"lazy\" decoding=\"async\" src=\"https:\/\/www.meinedialysereisen.de\/wp-content\/uploads\/2019\/11\/IMG_20191020_114037-e1574016140129.jpg\" alt=\"\" width=\"450\" height=\"800\" class=\"size-full wp-image-656\" \/><figcaption id=\"caption-attachment-656\" class=\"wp-caption-text\">H\u00f6hengl\u00fccksteig Klettersteig &#8211; Einstieg<\/figcaption><\/figure>\n<p>Wir haben einen super Tag erwischt, eben meinen Geburtstag. Die Aussicht auf die W\u00e4lder der Fr\u00e4nkischen Schweiz vom Klettersteig in allen Herbstfarben war grandois.<\/p>\n<figure id=\"attachment_658\" aria-describedby=\"caption-attachment-658\" style=\"width: 450px\" class=\"wp-caption alignnone\"><img loading=\"lazy\" decoding=\"async\" src=\"https:\/\/www.meinedialysereisen.de\/wp-content\/uploads\/2019\/11\/IMG_20191020_121153-e1574016388327.jpg\" alt=\"\" width=\"450\" height=\"800\" class=\"size-full wp-image-658\" \/><figcaption id=\"caption-attachment-658\" class=\"wp-caption-text\">H\u00f6hengl\u00fccksteig Klettersteig &#8211; Panorama<\/figcaption><\/figure>\n<p>Im weiteren Verlauf kommen abwechselnd leichtere Abschnitte bis im Mittleren Teil wieder E Passagen kommen. Diese h\u00e4tte ich ohne Bandschlinge, in der man sich sch\u00f6n ausruhen kann, nicht bew\u00e4ltigen k\u00f6nnen. Das war richtig anstrengend und kraftraubend. Das Gute, will man sich die Passagen nicht antun, kann man sie unten herum umgehen.<\/p>\n<figure id=\"attachment_666\" aria-describedby=\"caption-attachment-666\" style=\"width: 450px\" class=\"wp-caption alignnone\"><img loading=\"lazy\" decoding=\"async\" src=\"https:\/\/www.meinedialysereisen.de\/wp-content\/uploads\/2019\/11\/IMG_20191020_133309-e1574017454877.jpg\" alt=\"\" width=\"450\" height=\"800\" class=\"size-full wp-image-666\" \/><figcaption id=\"caption-attachment-666\" class=\"wp-caption-text\">H\u00f6hengl\u00fccksteig Klettersteig &#8211; Am Petruspfeiler<\/figcaption><\/figure>\n<p>Ein weiters Highlight ist die H\u00f6hle. Hier geht man durch einen Gang in eine Art kleine Halle und wenn am H\u00f6hleneingang kein gro\u00dfer Pfeil gewesen w\u00e4re h\u00e4tte ich nicht gedacht, dass es dort weiter geht. Das  Loch, das nach unten geht, ist gerade so gro\u00df, dass ich mit Rucksack durchgepasst habe.<\/p>\n<figure id=\"attachment_661\" aria-describedby=\"caption-attachment-661\" style=\"width: 526px\" class=\"wp-caption alignnone\"><img loading=\"lazy\" decoding=\"async\" src=\"https:\/\/www.meinedialysereisen.de\/wp-content\/uploads\/2019\/11\/Abstieg-in-die-H\u00f6hle.jpg\" alt=\"\" width=\"526\" height=\"513\" class=\"size-full wp-image-661\" srcset=\"https:\/\/www.meinedialysereisen.de\/wp-content\/uploads\/2019\/11\/Abstieg-in-die-H\u00f6hle.jpg 526w, https:\/\/www.meinedialysereisen.de\/wp-content\/uploads\/2019\/11\/Abstieg-in-die-H\u00f6hle-300x293.jpg 300w\" sizes=\"auto, (max-width: 526px) 100vw, 526px\" \/><figcaption id=\"caption-attachment-661\" class=\"wp-caption-text\">H\u00f6hengl\u00fccksteig Klettersteig &#8211; Abstieg in die H\u00f6hle<\/figcaption><\/figure>\n<p>Raphael kommt in die H\u00f6hle eingestiegen.<\/p>\n<figure id=\"attachment_664\" aria-describedby=\"caption-attachment-664\" style=\"width: 450px\" class=\"wp-caption alignnone\"><img loading=\"lazy\" decoding=\"async\" src=\"https:\/\/www.meinedialysereisen.de\/wp-content\/uploads\/2019\/11\/IMG_5140-e1574017108895.jpg\" alt=\"\" width=\"450\" height=\"600\" class=\"size-full wp-image-664\" srcset=\"https:\/\/www.meinedialysereisen.de\/wp-content\/uploads\/2019\/11\/IMG_5140-e1574017108895.jpg 450w, https:\/\/www.meinedialysereisen.de\/wp-content\/uploads\/2019\/11\/IMG_5140-e1574017108895-225x300.jpg 225w\" sizes=\"auto, (max-width: 450px) 100vw, 450px\" \/><figcaption id=\"caption-attachment-664\" class=\"wp-caption-text\">H\u00f6hengl\u00fccksteig Klettersteig &#8211; In der H\u00f6hle<\/figcaption><\/figure>\n<p>Am Schlu\u00df kommen nochmal C und D Passagen, die mir die letzten Kr\u00e4fte geraubt haben, aber dort findet man ein Gipfelbuch in das man sich nat\u00fcrlich eintragen mu\u00df. Wer es bis hierher geschafft hat, hat echt was geleistet, finde ich.<\/p>\n<figure id=\"attachment_668\" aria-describedby=\"caption-attachment-668\" style=\"width: 450px\" class=\"wp-caption alignnone\"><img loading=\"lazy\" decoding=\"async\" src=\"https:\/\/www.meinedialysereisen.de\/wp-content\/uploads\/2019\/11\/IMG_5151-e1574018200169.jpg\" alt=\"\" width=\"450\" height=\"600\" class=\"size-full wp-image-668\" \/><figcaption id=\"caption-attachment-668\" class=\"wp-caption-text\">H\u00f6hengl\u00fccksteig Klettersteig &#8211; R\u00fcckweg durch den Herbstwald zum Parkplatz<\/figcaption><\/figure>\n<p>Mein Fazit: Der Klettersteig ist super, sehr abwechslungsreich und mir wurde alles abverlangt und war v\u00f6llig platt als wir am Steigende angekommen sind. Aber genau das wollte ich auch so und w\u00fcrde ihn jederzeit noch einmal gehen.<br \/>\nWir haben knapp 4 Stunden f\u00fcr den Steig gebraucht, haben uns aber auch nicht beeilt und ich empfehle Kletterschuhe anzuziehen. Mit so klobigen Bergschuhen macht man es sich unn\u00f6tig schwer.<\/p>\n","protected":false},"excerpt":{"rendered":"<div class=\"mh-excerpt\"><p>Kurz nach meiner Alpen\u00fcberquerung im Juni 2019 habe ich mit Raphael angefangen Klettersteige zu gehen. Raphael hatte schon etwas Erfahrung, f\u00fcr mich war das etwas <a class=\"mh-excerpt-more\" href=\"https:\/\/www.meinedialysereisen.de\/?page_id=651\" title=\"H\u00f6hengl\u00fccksteig Klettersteig im Oktober 2019\">[&#8230;]<\/a><\/p>\n<\/div>","protected":false},"author":1,"featured_media":0,"parent":0,"menu_order":0,"comment_status":"closed","ping_status":"closed","template":"template-full.php","meta":{"footnotes":""},"class_list":["post-651","page","type-page","status-publish","hentry"],"_links":{"self":[{"href":"https:\/\/www.meinedialysereisen.de\/index.php?rest_route=\/wp\/v2\/pages\/651","targetHints":{"allow":["GET"]}}],"collection":[{"href":"https:\/\/www.meinedialysereisen.de\/index.php?rest_route=\/wp\/v2\/pages"}],"about":[{"href":"https:\/\/www.meinedialysereisen.de\/index.php?rest_route=\/wp\/v2\/types\/page"}],"author":[{"embeddable":true,"href":"https:\/\/www.meinedialysereisen.de\/index.php?rest_route=\/wp\/v2\/users\/1"}],"replies":[{"embeddable":true,"href":"https:\/\/www.meinedialysereisen.de\/index.php?rest_route=%2Fwp%2Fv2%2Fcomments&post=651"}],"version-history":[{"count":21,"href":"https:\/\/www.meinedialysereisen.de\/index.php?rest_route=\/wp\/v2\/pages\/651\/revisions"}],"predecessor-version":[{"id":935,"href":"https:\/\/www.meinedialysereisen.de\/index.php?rest_route=\/wp\/v2\/pages\/651\/revisions\/935"}],"wp:attachment":[{"href":"https:\/\/www.meinedialysereisen.de\/index.php?rest_route=%2Fwp%2Fv2%2Fmedia&parent=651"}],"curies":[{"name":"wp","href":"https:\/\/api.w.org\/{rel}","templated":true}]}}

Höhenglücksteig Klettersteig im Oktober 2019

<p>Kurz nach meiner Alpenüberquerung im Juni 2019 habe ich mit Raphael angefangen Klettersteige zu gehen. Raphael hatte schon etwas Erfahrung, für mich war das etwas völlig Neues.<br />
Nach dem ich mich mit dem nötigen Equipment ausgestattet hatte, Material einkaufen macht ja mindestens genauso viel Spaß wie selbiges dann am Berg einzusetzen, machten wir unsere ersten Übungsgänge am Rofan und gingen den Hochiss, das Spieljoch und die Seekarlspitze. Das war für mich schon sehr beeindruckend.<br />
Zwischenzeitlich konnten wir meine Tochter Inga und Raphaels Freundin Patti auch für Klettersteige begeistern.<br />
An meinem Geburtstag 2019 sind wir dann zu Dritt, Raphael, Patti und ich früh Morgens aufgebrochen um den Höhenglücksteig Klettersteig in der Fränkischen Schweiz bei Lauf/Hersbruck zu gehen.<br />
Wir hatten super Herbstwetter und sind ohne besondere Vorkommnisse am Wanderparkplatz Hegendorf angekommen. Von dort geht es gut beschildert ca. 30 Minuten zu Fuß zum Einstieg des Steigs. Der Steig ist mit bis zu Schwierigkeitsgrad E eingestuft und so geht es auch gleich los.<br />
Rechts vom Einstig ist eine leichtere Ausweichroute, die ich heute nehmen würde. Der E Teil im Einstig hat mir schon alles abverlangt und lies mich nichts Gutes ahnen, was da noch alles auf uns zu kommt.</p>
<figure id="attachment_656" aria-describedby="caption-attachment-656" style="width: 450px" class="wp-caption alignnone"><img loading="lazy" decoding="async" src="https://www.meinedialysereisen.de/wp-content/uploads/2019/11/IMG_20191020_114037-e1574016140129.jpg" alt="" width="450" height="800" class="size-full wp-image-656" /><figcaption id="caption-attachment-656" class="wp-caption-text">Höhenglücksteig Klettersteig &#8211; Einstieg</figcaption></figure>
<p>Wir haben einen super Tag erwischt, eben meinen Geburtstag. Die Aussicht auf die Wälder der Fränkischen Schweiz vom Klettersteig in allen Herbstfarben war grandois.</p>
<figure id="attachment_658" aria-describedby="caption-attachment-658" style="width: 450px" class="wp-caption alignnone"><img loading="lazy" decoding="async" src="https://www.meinedialysereisen.de/wp-content/uploads/2019/11/IMG_20191020_121153-e1574016388327.jpg" alt="" width="450" height="800" class="size-full wp-image-658" /><figcaption id="caption-attachment-658" class="wp-caption-text">Höhenglücksteig Klettersteig &#8211; Panorama</figcaption></figure>
<p>Im weiteren Verlauf kommen abwechselnd leichtere Abschnitte bis im Mittleren Teil wieder E Passagen kommen. Diese hätte ich ohne Bandschlinge, in der man sich schön ausruhen kann, nicht bewältigen können. Das war richtig anstrengend und kraftraubend. Das Gute, will man sich die Passagen nicht antun, kann man sie unten herum umgehen.</p>
<figure id="attachment_666" aria-describedby="caption-attachment-666" style="width: 450px" class="wp-caption alignnone"><img loading="lazy" decoding="async" src="https://www.meinedialysereisen.de/wp-content/uploads/2019/11/IMG_20191020_133309-e1574017454877.jpg" alt="" width="450" height="800" class="size-full wp-image-666" /><figcaption id="caption-attachment-666" class="wp-caption-text">Höhenglücksteig Klettersteig &#8211; Am Petruspfeiler</figcaption></figure>
<p>Ein weiters Highlight ist die Höhle. Hier geht man durch einen Gang in eine Art kleine Halle und wenn am Höhleneingang kein großer Pfeil gewesen wäre hätte ich nicht gedacht, dass es dort weiter geht. Das  Loch, das nach unten geht, ist gerade so groß, dass ich mit Rucksack durchgepasst habe.</p>
<figure id="attachment_661" aria-describedby="caption-attachment-661" style="width: 526px" class="wp-caption alignnone"><img loading="lazy" decoding="async" src="https://www.meinedialysereisen.de/wp-content/uploads/2019/11/Abstieg-in-die-Höhle.jpg" alt="" width="526" height="513" class="size-full wp-image-661" srcset="https://www.meinedialysereisen.de/wp-content/uploads/2019/11/Abstieg-in-die-Höhle.jpg 526w, https://www.meinedialysereisen.de/wp-content/uploads/2019/11/Abstieg-in-die-Höhle-300x293.jpg 300w" sizes="auto, (max-width: 526px) 100vw, 526px" /><figcaption id="caption-attachment-661" class="wp-caption-text">Höhenglücksteig Klettersteig &#8211; Abstieg in die Höhle</figcaption></figure>
<p>Raphael kommt in die Höhle eingestiegen.</p>
<figure id="attachment_664" aria-describedby="caption-attachment-664" style="width: 450px" class="wp-caption alignnone"><img loading="lazy" decoding="async" src="https://www.meinedialysereisen.de/wp-content/uploads/2019/11/IMG_5140-e1574017108895.jpg" alt="" width="450" height="600" class="size-full wp-image-664" srcset="https://www.meinedialysereisen.de/wp-content/uploads/2019/11/IMG_5140-e1574017108895.jpg 450w, https://www.meinedialysereisen.de/wp-content/uploads/2019/11/IMG_5140-e1574017108895-225x300.jpg 225w" sizes="auto, (max-width: 450px) 100vw, 450px" /><figcaption id="caption-attachment-664" class="wp-caption-text">Höhenglücksteig Klettersteig &#8211; In der Höhle</figcaption></figure>
<p>Am Schluß kommen nochmal C und D Passagen, die mir die letzten Kräfte geraubt haben, aber dort findet man ein Gipfelbuch in das man sich natürlich eintragen muß. Wer es bis hierher geschafft hat, hat echt was geleistet, finde ich.</p>
<figure id="attachment_668" aria-describedby="caption-attachment-668" style="width: 450px" class="wp-caption alignnone"><img loading="lazy" decoding="async" src="https://www.meinedialysereisen.de/wp-content/uploads/2019/11/IMG_5151-e1574018200169.jpg" alt="" width="450" height="600" class="size-full wp-image-668" /><figcaption id="caption-attachment-668" class="wp-caption-text">Höhenglücksteig Klettersteig &#8211; Rückweg durch den Herbstwald zum Parkplatz</figcaption></figure>
<p>Mein Fazit: Der Klettersteig ist super, sehr abwechslungsreich und mir wurde alles abverlangt und war völlig platt als wir am Steigende angekommen sind. Aber genau das wollte ich auch so und würde ihn jederzeit noch einmal gehen.<br />
Wir haben knapp 4 Stunden für den Steig gebraucht, haben uns aber auch nicht beeilt und ich empfehle Kletterschuhe anzuziehen. Mit so klobigen Bergschuhen macht man es sich unnötig schwer.</p>

<div class="mh-excerpt"><p>Kurz nach meiner Alpenüberquerung im Juni 2019 habe ich mit Raphael angefangen Klettersteige zu gehen. Raphael hatte schon etwas Erfahrung, für mich war das etwas <a class="mh-excerpt-more" href="https://www.meinedialysereisen.de/?page_id=651" title="Höhenglücksteig Klettersteig im Oktober 2019">[&#8230;]</a></p>
</div>
