{"id":585,"date":"2019-08-15T08:19:04","date_gmt":"2019-08-15T08:19:04","guid":{"rendered":"https:\/\/www.meinedialysereisen.de\/?page_id=585"},"modified":"2022-06-02T20:57:59","modified_gmt":"2022-06-02T20:57:59","slug":"lienz","status":"publish","type":"page","link":"https:\/\/www.meinedialysereisen.de\/?page_id=585","title":{"rendered":"Lienz"},"content":{"rendered":"<p>Auf meiner Tour \u00fcber die Alpen habe ich ein Mal im Bezirkskrankenhaus Lienz dialysiert. Das Krankenhaus liegt mitten in der Stadt, \u00fcber Parkm\u00f6glichkeiten kann ich leider nichts sagen, da mich mein Vater dort hingebracht hat und dann weitergefahren ist.<\/p>\n<figure id=\"attachment_601\" aria-describedby=\"caption-attachment-601\" style=\"width: 800px\" class=\"wp-caption alignnone\"><img loading=\"lazy\" decoding=\"async\" src=\"https:\/\/www.meinedialysereisen.de\/wp-content\/uploads\/2019\/08\/Lienz-e1565882794379.jpg\" alt=\"\" width=\"800\" height=\"450\" class=\"size-full wp-image-601\" \/><figcaption id=\"caption-attachment-601\" class=\"wp-caption-text\">Kurze Rast auf dem Loassattel auf dem Weg von Schwaz nach Hochf\u00fcgen<\/figcaption><\/figure>\n<p>Es gibt nicht viel zu sagen, der Kontakt zur Terminabstimmung war sehr gut und die Behandlung war ebenfalls sehr gut.<br \/>\nEs gibt keine Fernseher und kein W-Lan. Ich hatte mir gl\u00fccklicherweise ausreichend Film und Serienmaterial auf mein Tablet heruntergeladen.<\/p>\n<p><b>BKH Lienz<\/b><br \/>\nEmanuel von Hibler-Stra\u00dfe 5 A<br \/>\n9900 Lienz, \u00d6sterreich<\/p>\n<p>Dialyseabteilung f\u00fcr Terminabstimmung:<br \/>\nDipl.-GKP Josef Hanser<br \/>\nTelefon: 04852\/606 &#8211; 627<br \/>\nE-mail: j.hanser \u00e4t kh-lienz.at<\/p>\n<p>Mo &#8211; Mi &#8211; Fr    von 06:00 &#8211; 22:00 Uhr<br \/>\nDi &#8211; Do &#8211; Sa    von 07:00 &#8211; 19:00 Uhr<\/p>\n<p>Link zur Webseite der Dialyseabteilung: <a href=\"https:\/\/www.kh-lienz.at\/de\/leistungen-angebote\/innere-medizin\/nephrologie-und-dialyse.html?highlight=WyJkaWFseXNlIl0=\">BKH Lienz Dialysabteilung<\/a><\/p>\n","protected":false},"excerpt":{"rendered":"<div class=\"mh-excerpt\"><p>Auf meiner Tour \u00fcber die Alpen habe ich ein Mal im Bezirkskrankenhaus Lienz dialysiert. Das Krankenhaus liegt mitten in der Stadt, \u00fcber Parkm\u00f6glichkeiten kann ich <a class=\"mh-excerpt-more\" href=\"https:\/\/www.meinedialysereisen.de\/?page_id=585\" title=\"Lienz\">[&#8230;]<\/a><\/p>\n<\/div>","protected":false},"author":1,"featured_media":0,"parent":95,"menu_order":0,"comment_status":"closed","ping_status":"closed","template":"","meta":{"footnotes":""},"class_list":["post-585","page","type-page","status-publish","hentry"],"_links":{"self":[{"href":"https:\/\/www.meinedialysereisen.de\/index.php?rest_route=\/wp\/v2\/pages\/585","targetHints":{"allow":["GET"]}}],"collection":[{"href":"https:\/\/www.meinedialysereisen.de\/index.php?rest_route=\/wp\/v2\/pages"}],"about":[{"href":"https:\/\/www.meinedialysereisen.de\/index.php?rest_route=\/wp\/v2\/types\/page"}],"author":[{"embeddable":true,"href":"https:\/\/www.meinedialysereisen.de\/index.php?rest_route=\/wp\/v2\/users\/1"}],"replies":[{"embeddable":true,"href":"https:\/\/www.meinedialysereisen.de\/index.php?rest_route=%2Fwp%2Fv2%2Fcomments&post=585"}],"version-history":[{"count":8,"href":"https:\/\/www.meinedialysereisen.de\/index.php?rest_route=\/wp\/v2\/pages\/585\/revisions"}],"predecessor-version":[{"id":1337,"href":"https:\/\/www.meinedialysereisen.de\/index.php?rest_route=\/wp\/v2\/pages\/585\/revisions\/1337"}],"up":[{"embeddable":true,"href":"https:\/\/www.meinedialysereisen.de\/index.php?rest_route=\/wp\/v2\/pages\/95"}],"wp:attachment":[{"href":"https:\/\/www.meinedialysereisen.de\/index.php?rest_route=%2Fwp%2Fv2%2Fmedia&parent=585"}],"curies":[{"name":"wp","href":"https:\/\/api.w.org\/{rel}","templated":true}]}}

<p>Auf meiner Tour über die Alpen habe ich ein Mal im Bezirkskrankenhaus Lienz dialysiert. Das Krankenhaus liegt mitten in der Stadt, über Parkmöglichkeiten kann ich leider nichts sagen, da mich mein Vater dort hingebracht hat und dann weitergefahren ist.</p>
<figure id="attachment_601" aria-describedby="caption-attachment-601" style="width: 800px" class="wp-caption alignnone"><img loading="lazy" decoding="async" src="https://www.meinedialysereisen.de/wp-content/uploads/2019/08/Lienz-e1565882794379.jpg" alt="" width="800" height="450" class="size-full wp-image-601" /><figcaption id="caption-attachment-601" class="wp-caption-text">Kurze Rast auf dem Loassattel auf dem Weg von Schwaz nach Hochfügen</figcaption></figure>
<p>Es gibt nicht viel zu sagen, der Kontakt zur Terminabstimmung war sehr gut und die Behandlung war ebenfalls sehr gut.<br />
Es gibt keine Fernseher und kein W-Lan. Ich hatte mir glücklicherweise ausreichend Film und Serienmaterial auf mein Tablet heruntergeladen.</p>
<p><b>BKH Lienz</b><br />
Emanuel von Hibler-Straße 5 A<br />
9900 Lienz, Österreich</p>
<p>Dialyseabteilung für Terminabstimmung:<br />
Dipl.-GKP Josef Hanser<br />
Telefon: 04852/606 &#8211; 627<br />
E-mail: j.hanser ät kh-lienz.at</p>
<p>Mo &#8211; Mi &#8211; Fr    von 06:00 &#8211; 22:00 Uhr<br />
Di &#8211; Do &#8211; Sa    von 07:00 &#8211; 19:00 Uhr</p>
<p>Link zur Webseite der Dialyseabteilung: <a href="https://www.kh-lienz.at/de/leistungen-angebote/innere-medizin/nephrologie-und-dialyse.html?highlight=WyJkaWFseXNlIl0=">BKH Lienz Dialysabteilung</a></p>

<div class="mh-excerpt"><p>Auf meiner Tour über die Alpen habe ich ein Mal im Bezirkskrankenhaus Lienz dialysiert. Das Krankenhaus liegt mitten in der Stadt, über Parkmöglichkeiten kann ich <a class="mh-excerpt-more" href="https://www.meinedialysereisen.de/?page_id=585" title="Lienz">[&#8230;]</a></p>
</div>
