{"id":1334,"date":"2022-06-02T20:47:58","date_gmt":"2022-06-02T20:47:58","guid":{"rendered":"https:\/\/www.meinedialysereisen.de\/?page_id=1334"},"modified":"2022-06-03T19:43:58","modified_gmt":"2022-06-03T19:43:58","slug":"monat-14-dezember-2021","status":"publish","type":"page","link":"https:\/\/www.meinedialysereisen.de\/?page_id=1334","title":{"rendered":"Monat 14 &#8211; Dezember 2021"},"content":{"rendered":"<p>Mittlerweile hat sich mein Leben, gegen\u00fcber den Jahren an der Dialyse, wieder komplett normalisiert. Daher gibt es nicht mehr viel Besonderes zu berichten und stelle ab 2022 auf Quartalsberichte um.<br \/>\nEin paar Baustellen habe ich aber noch zu bew\u00e4ltigen.<br \/>\n&#8211; Shunt zur\u00fcckbauen:<br \/>\nDa das Herz, laut den \u00c4rzten, wegen dem Shunt 30% mehr Kraft braucht, um meinen K\u00f6rper mit Blut zu versorgen, soll ich den zur\u00fcckbauen lassen. Fr\u00fcher hatte ich mal gelesen, dass Dialysepatienten oftmals nicht an einer Krankheit sterben sondern an Herzversagen, da das Herz es nicht mehr schafft in den Shunt rein zu pumpen. Ich habe ein kr\u00e4ftiges Herz, daher widme ich mich erstmal einer gr\u00f6\u00dferen Baustelle.<\/p>\n<p>&#8211; Meine Haut:<br \/>\nDie gr\u00f6\u00dfte Baustelle im Moment. Ich hatte immer schon mit der Haut zu tun, wo mir bisher keiner wirklich helfen konnte, aber seit dem Absetzen der Antibiotika, die ich seit der Transplantation nehmen mu\u00dfte, gegen einen Lungenkeim, das mu\u00df wohl jeder machen, ist es extrem geworden mit den Ausschl\u00e4gen.<br \/>\nMein Bruder, der auch mit der Haut zu schaffen hat, hat einen Heilpraktiker aufgetan, der sich auf den Wiederaufbau der Darmflora spezialisiert hat. Das meine Probleme auch aus der Ecke kommen zeigte sich, als ich eine spezielle Bakterienkur mit Kr\u00e4utern gemacht habe und es damit schon etwas besser geworden ist. Nur fehlte mir der Ansatz, wie es da weitergehen k\u00f6nnte.<br \/>\nMein Termin ist im Februar 2022 und ich wollte mit der Behandlung des Ausschlages bis zu diesem Termin warten, dass ich den herzeigen kann. Es ging aber nicht und so bin ich zwischen den Jahren in die Thalkirchner Stra\u00dfe in die Derma Ambulanz gegangen. Der Termin war erwartungsgem\u00e4\u00df: Nach 30 Sekunden anschauen die Diagnose gestellt und Kortison Salbe verschrieben, weil man da eh nichts machen kann.<br \/>\nDa ich keine andere Erwartung hatte, war ich damit zufrieden, ich wollte ja eh nur das Kortison. F\u00fcr die Behandlung hatte ich ja schon einen anderen Plan.<\/p>\n<p>Ansonsten f\u00fchre ich ein ganz normales Leben, au\u00dfer dass ich p\u00fcnktlich meine Tabletten nehmen mu\u00df. Die Blutdrucksenker konnte ich weiter reduzieren, als n\u00e4chstes sind das Pantoprazol und das Zeug f\u00fcr bzw. gegen das Cholesterin dran. Warum ich das Pantoprazol nehmen soll, konnte mir bisher keiner wirklich sagen. Das macht man so, Magenschutz. Ja, aber wovor?<\/p>\n<p>Das neue Jahr wird es zeigen.<\/p>\n","protected":false},"excerpt":{"rendered":"<div class=\"mh-excerpt\"><p>Mittlerweile hat sich mein Leben, gegen\u00fcber den Jahren an der Dialyse, wieder komplett normalisiert. Daher gibt es nicht mehr viel Besonderes zu berichten und stelle <a class=\"mh-excerpt-more\" href=\"https:\/\/www.meinedialysereisen.de\/?page_id=1334\" title=\"Monat 14 &#8211; Dezember 2021\">[&#8230;]<\/a><\/p>\n<\/div>","protected":false},"author":1,"featured_media":0,"parent":0,"menu_order":0,"comment_status":"closed","ping_status":"closed","template":"","meta":{"footnotes":""},"class_list":["post-1334","page","type-page","status-publish","hentry"],"_links":{"self":[{"href":"https:\/\/www.meinedialysereisen.de\/index.php?rest_route=\/wp\/v2\/pages\/1334","targetHints":{"allow":["GET"]}}],"collection":[{"href":"https:\/\/www.meinedialysereisen.de\/index.php?rest_route=\/wp\/v2\/pages"}],"about":[{"href":"https:\/\/www.meinedialysereisen.de\/index.php?rest_route=\/wp\/v2\/types\/page"}],"author":[{"embeddable":true,"href":"https:\/\/www.meinedialysereisen.de\/index.php?rest_route=\/wp\/v2\/users\/1"}],"replies":[{"embeddable":true,"href":"https:\/\/www.meinedialysereisen.de\/index.php?rest_route=%2Fwp%2Fv2%2Fcomments&post=1334"}],"version-history":[{"count":3,"href":"https:\/\/www.meinedialysereisen.de\/index.php?rest_route=\/wp\/v2\/pages\/1334\/revisions"}],"predecessor-version":[{"id":1339,"href":"https:\/\/www.meinedialysereisen.de\/index.php?rest_route=\/wp\/v2\/pages\/1334\/revisions\/1339"}],"wp:attachment":[{"href":"https:\/\/www.meinedialysereisen.de\/index.php?rest_route=%2Fwp%2Fv2%2Fmedia&parent=1334"}],"curies":[{"name":"wp","href":"https:\/\/api.w.org\/{rel}","templated":true}]}}