{"id":1209,"date":"2021-08-19T20:32:40","date_gmt":"2021-08-19T20:32:40","guid":{"rendered":"https:\/\/www.meinedialysereisen.de\/?page_id=1209"},"modified":"2021-08-19T20:34:33","modified_gmt":"2021-08-19T20:34:33","slug":"monat-9-juli-2021","status":"publish","type":"page","link":"https:\/\/www.meinedialysereisen.de\/?page_id=1209","title":{"rendered":"Monat 9 &#8211; Juli 2021"},"content":{"rendered":"<p>Am ersten Sonntag, den 4. Juli, ging ich mit meiner Tochter Inga auf die Rappenspitze am Achensee. Das sind knapp 1200 H\u00f6henmeter und ich war gespannt, ob ich mit dem zu niedrigen Blutdruck Recht hatte und die Kraft wieder da war.<br \/>\nUnd tats\u00e4chlich war die Kraft wieder da und die 1219hm gingen relativ leicht von der Hand bzw. von den Beinen.<\/p>\n<p>Das Wetter war ja dann im Juli nicht so der Brecher, aber immerhin ist meine Rasennachsaat im Garten gut aufgegangen. \ud83d\ude42<\/p>\n<p>Am 11. Juli bin ich auf den Vorderunn\u00fctz \u00fcber den Weg von Steinberg aus gegangen und mu\u00df sagen, ab der Kotalm ist das einer der sch\u00f6nsten Wanderwege, die ich bisher gegangen bin. Sehr sch\u00f6ne Vegetation und sehr abwechslungsreich von der Landschaft und der Wegf\u00fchrung.<br \/>\nDa schlechtes Wetter angesagt war, aber dann doch die Sonne rauskam, war ich auf dem ganzen Aufstieg alleine und am Gipfel war nur kurz ein weitere Wandergruppe. Das war mal wieder ein super Bergtag.<\/p>\n<figure id=\"attachment_1212\" aria-describedby=\"caption-attachment-1212\" style=\"width: 600px\" class=\"wp-caption aligncenter\"><img loading=\"lazy\" decoding=\"async\" src=\"https:\/\/www.meinedialysereisen.de\/wp-content\/uploads\/2021\/08\/IMG_2424-scaled-e1629403013369.jpg\" alt=\"\" width=\"400\" height=\"600\" class=\"size-full wp-image-1212\" \/><figcaption id=\"caption-attachment-1212\" class=\"wp-caption-text\">Gipfel des Vorderunn\u00fctz<\/figcaption><\/figure>\n<p>Mitte Juli waren ja dann die Unwetter, die bekanntlich unglaublichen Schaden angerichtet haben, ich konnte es aber nicht lassen und bin am 18. Juli auf die Rotwand am Spitzingsee gegangen. Der Berg entwickelt sich langsam zu meinem Stammschlechtwetterberg. Bei uns hatte es ja nicht so extrem geregnet, ich mu\u00dfte aber beim Aufstieg trotzdem \u00fcber eine kleine Mure klettern. In der Folge habe ich immer vor mir bergauf in den Wald geschaut, ob sich da was bewegt, so dass ich vielleicht noch rechtzeitig reagieren kann, wenn der Hang vor mir runterkommt. Es ist aber alles gut gegangen.<\/p>\n<p>In der Folgewoche hatte ich einen Termin mit Leonhard um einen Platz f\u00fcr das Gipfelkreuz am Hochunn\u00fctz zu finden. Ich hatte Inga mitgenommen und wir sind mit Leoanhard mit dem Auto bis zu Kotalm gefahren und dann zu Fu\u00df den sch\u00f6nen Wanderweg auf den Vorder- und dann zum Hochunn\u00fctz gegangen. Das war wieder eine heftige Aktion, aus dem Auto raus und sofort im Laufschritt den Berg hoch. Er und Inga haben wieder ein Tempo wie am Guffert vorgelegt, diesmal bin ich aber gut mitgekommen. Den Weg genie\u00dfen, wie 10 Tage zuvor, war aber nicht drin.<br \/>\nOben am Hochunn\u00fctz angekommen haben wir einen Fels ausgew\u00e4hlt, der als Fundament f\u00fcr das Kreuz dienen kann.<\/p>\n<figure id=\"attachment_1216\" aria-describedby=\"caption-attachment-1216\" style=\"width: 400px\" class=\"wp-caption aligncenter\"><img loading=\"lazy\" decoding=\"async\" src=\"https:\/\/www.meinedialysereisen.de\/wp-content\/uploads\/2021\/08\/IMG_5599-scaled-e1629403966454.jpg\" alt=\"\" width=\"400\" height=\"533\" class=\"size-full wp-image-1216\" \/><figcaption id=\"caption-attachment-1216\" class=\"wp-caption-text\">Die Basis f\u00fcr das Gipfelkreuz auf dem Hochunn\u00fctz<\/figcaption><\/figure>\n<p>Inga und ich sind dann weiter zum Hinterunn\u00fctz um alle drei Gipfel zu gehen, Leonhard ist zum Auto zur\u00fcck und hat uns dann sp\u00e4ter in Achenkirch am Parkplatz abgeholt. Vom Hinterunn\u00fctz gibt es keinen Weg zur\u00fcck nach Steinberg.<\/p>\n<p>Am n\u00e4chsten Tag abends war ich dann ziemlich im Eimer und am Folgetag f\u00fchlte ich mich wie nach der zweiten Corona Impfung. Und ich hatte tats\u00e4chlich leichtes Fieber. Ein paar Tage zuvor hatte ich noch daran gedacht, was die einem \u00fcber ein Informationsheft im Krankehaus f\u00fcr eine Angst gemacht haben, dass man dauernd Krank sei und man aber nicht aufgeben darf und ich mir dachte: Was ein Schmarrn.<br \/>\nNachdem ich am Montag immernoch platt war und etwas Temperatur hatte rief ich meine \u00c4rzte an und habe die Situation geschildert. Sie meinten, dass es innerhalb des ersten Jahrens durchaus vorkommt, dass Viren, die man in sich tr\u00e4gt und die das Immunsystem immer gut in Schach gehalten hat, dann mal durchbrechen k\u00f6nnen. Ich solle am Dienstag zu Blutkontrolle kommen, dann k\u00f6nnen sie nachschauen, ob es das ist, was sie vermuten. Ab Mitte der Woche ging es mir dann auch langsam wieder besser.<\/p>\n","protected":false},"excerpt":{"rendered":"<div class=\"mh-excerpt\"><p>Am ersten Sonntag, den 4. Juli, ging ich mit meiner Tochter Inga auf die Rappenspitze am Achensee. Das sind knapp 1200 H\u00f6henmeter und ich war <a class=\"mh-excerpt-more\" href=\"https:\/\/www.meinedialysereisen.de\/?page_id=1209\" title=\"Monat 9 &#8211; Juli 2021\">[&#8230;]<\/a><\/p>\n<\/div>","protected":false},"author":1,"featured_media":0,"parent":0,"menu_order":0,"comment_status":"closed","ping_status":"closed","template":"template-full.php","meta":{"footnotes":""},"class_list":["post-1209","page","type-page","status-publish","hentry"],"_links":{"self":[{"href":"https:\/\/www.meinedialysereisen.de\/index.php?rest_route=\/wp\/v2\/pages\/1209","targetHints":{"allow":["GET"]}}],"collection":[{"href":"https:\/\/www.meinedialysereisen.de\/index.php?rest_route=\/wp\/v2\/pages"}],"about":[{"href":"https:\/\/www.meinedialysereisen.de\/index.php?rest_route=\/wp\/v2\/types\/page"}],"author":[{"embeddable":true,"href":"https:\/\/www.meinedialysereisen.de\/index.php?rest_route=\/wp\/v2\/users\/1"}],"replies":[{"embeddable":true,"href":"https:\/\/www.meinedialysereisen.de\/index.php?rest_route=%2Fwp%2Fv2%2Fcomments&post=1209"}],"version-history":[{"count":9,"href":"https:\/\/www.meinedialysereisen.de\/index.php?rest_route=\/wp\/v2\/pages\/1209\/revisions"}],"predecessor-version":[{"id":1221,"href":"https:\/\/www.meinedialysereisen.de\/index.php?rest_route=\/wp\/v2\/pages\/1209\/revisions\/1221"}],"wp:attachment":[{"href":"https:\/\/www.meinedialysereisen.de\/index.php?rest_route=%2Fwp%2Fv2%2Fmedia&parent=1209"}],"curies":[{"name":"wp","href":"https:\/\/api.w.org\/{rel}","templated":true}]}}

<p>Am ersten Sonntag, den 4. Juli, ging ich mit meiner Tochter Inga auf die Rappenspitze am Achensee. Das sind knapp 1200 Höhenmeter und ich war gespannt, ob ich mit dem zu niedrigen Blutdruck Recht hatte und die Kraft wieder da war.<br />
Und tatsächlich war die Kraft wieder da und die 1219hm gingen relativ leicht von der Hand bzw. von den Beinen.</p>
<p>Das Wetter war ja dann im Juli nicht so der Brecher, aber immerhin ist meine Rasennachsaat im Garten gut aufgegangen. 🙂</p>
<p>Am 11. Juli bin ich auf den Vorderunnütz über den Weg von Steinberg aus gegangen und muß sagen, ab der Kotalm ist das einer der schönsten Wanderwege, die ich bisher gegangen bin. Sehr schöne Vegetation und sehr abwechslungsreich von der Landschaft und der Wegführung.<br />
Da schlechtes Wetter angesagt war, aber dann doch die Sonne rauskam, war ich auf dem ganzen Aufstieg alleine und am Gipfel war nur kurz ein weitere Wandergruppe. Das war mal wieder ein super Bergtag.</p>
<figure id="attachment_1212" aria-describedby="caption-attachment-1212" style="width: 600px" class="wp-caption aligncenter"><img loading="lazy" decoding="async" src="https://www.meinedialysereisen.de/wp-content/uploads/2021/08/IMG_2424-scaled-e1629403013369.jpg" alt="" width="400" height="600" class="size-full wp-image-1212" /><figcaption id="caption-attachment-1212" class="wp-caption-text">Gipfel des Vorderunnütz</figcaption></figure>
<p>Mitte Juli waren ja dann die Unwetter, die bekanntlich unglaublichen Schaden angerichtet haben, ich konnte es aber nicht lassen und bin am 18. Juli auf die Rotwand am Spitzingsee gegangen. Der Berg entwickelt sich langsam zu meinem Stammschlechtwetterberg. Bei uns hatte es ja nicht so extrem geregnet, ich mußte aber beim Aufstieg trotzdem über eine kleine Mure klettern. In der Folge habe ich immer vor mir bergauf in den Wald geschaut, ob sich da was bewegt, so dass ich vielleicht noch rechtzeitig reagieren kann, wenn der Hang vor mir runterkommt. Es ist aber alles gut gegangen.</p>
<p>In der Folgewoche hatte ich einen Termin mit Leonhard um einen Platz für das Gipfelkreuz am Hochunnütz zu finden. Ich hatte Inga mitgenommen und wir sind mit Leoanhard mit dem Auto bis zu Kotalm gefahren und dann zu Fuß den schönen Wanderweg auf den Vorder- und dann zum Hochunnütz gegangen. Das war wieder eine heftige Aktion, aus dem Auto raus und sofort im Laufschritt den Berg hoch. Er und Inga haben wieder ein Tempo wie am Guffert vorgelegt, diesmal bin ich aber gut mitgekommen. Den Weg genießen, wie 10 Tage zuvor, war aber nicht drin.<br />
Oben am Hochunnütz angekommen haben wir einen Fels ausgewählt, der als Fundament für das Kreuz dienen kann.</p>
<figure id="attachment_1216" aria-describedby="caption-attachment-1216" style="width: 400px" class="wp-caption aligncenter"><img loading="lazy" decoding="async" src="https://www.meinedialysereisen.de/wp-content/uploads/2021/08/IMG_5599-scaled-e1629403966454.jpg" alt="" width="400" height="533" class="size-full wp-image-1216" /><figcaption id="caption-attachment-1216" class="wp-caption-text">Die Basis für das Gipfelkreuz auf dem Hochunnütz</figcaption></figure>
<p>Inga und ich sind dann weiter zum Hinterunnütz um alle drei Gipfel zu gehen, Leonhard ist zum Auto zurück und hat uns dann später in Achenkirch am Parkplatz abgeholt. Vom Hinterunnütz gibt es keinen Weg zurück nach Steinberg.</p>
<p>Am nächsten Tag abends war ich dann ziemlich im Eimer und am Folgetag fühlte ich mich wie nach der zweiten Corona Impfung. Und ich hatte tatsächlich leichtes Fieber. Ein paar Tage zuvor hatte ich noch daran gedacht, was die einem über ein Informationsheft im Krankehaus für eine Angst gemacht haben, dass man dauernd Krank sei und man aber nicht aufgeben darf und ich mir dachte: Was ein Schmarrn.<br />
Nachdem ich am Montag immernoch platt war und etwas Temperatur hatte rief ich meine Ärzte an und habe die Situation geschildert. Sie meinten, dass es innerhalb des ersten Jahrens durchaus vorkommt, dass Viren, die man in sich trägt und die das Immunsystem immer gut in Schach gehalten hat, dann mal durchbrechen können. Ich solle am Dienstag zu Blutkontrolle kommen, dann können sie nachschauen, ob es das ist, was sie vermuten. Ab Mitte der Woche ging es mir dann auch langsam wieder besser.</p>

<div class="mh-excerpt"><p>Am ersten Sonntag, den 4. Juli, ging ich mit meiner Tochter Inga auf die Rappenspitze am Achensee. Das sind knapp 1200 Höhenmeter und ich war <a class="mh-excerpt-more" href="https://www.meinedialysereisen.de/?page_id=1209" title="Monat 9 &#8211; Juli 2021">[&#8230;]</a></p>
</div>
