{"id":1118,"date":"2021-04-17T21:33:18","date_gmt":"2021-04-17T21:33:18","guid":{"rendered":"https:\/\/www.meinedialysereisen.de\/?page_id=1118"},"modified":"2021-04-17T21:46:16","modified_gmt":"2021-04-17T21:46:16","slug":"monat-5-maerz-2021","status":"publish","type":"page","link":"https:\/\/www.meinedialysereisen.de\/?page_id=1118","title":{"rendered":"Monat 5 &#8211; M\u00e4rz 2021"},"content":{"rendered":"<p>Am 1. M\u00e4rz um 9:00 Uhr hatte ich den wichtigsten Termin seit Langem. Bekanntlich endete am 1. M\u00e4rz der Winterlockdown und ich hatte um 9:00 Uhr den ersten Termin beim Barbier.<br \/>\nUnd dass das n\u00f6tig war sieht man auf den vorher &#8211; nachher Fotos.<\/p>\n<figure id=\"attachment_1138\" aria-describedby=\"caption-attachment-1138\" style=\"width: 800px\" class=\"wp-caption aligncenter\"><img loading=\"lazy\" decoding=\"async\" src=\"https:\/\/www.meinedialysereisen.de\/wp-content\/uploads\/2021\/04\/Barbier_im_Maerz-e1618693290426.jpg\" alt=\"\" width=\"800\" height=\"513\" class=\"size-full wp-image-1138\" \/><figcaption id=\"caption-attachment-1138\" class=\"wp-caption-text\">Hier sehe ich aus, wie wenn ich unter einer Br\u00fccke schlafen w\u00fcrde &nbsp; &nbsp; Hier schon wieder deutlich kultivierter<\/figcaption><\/figure>\n<p>Da einige Kollegen meinten, ich solle mein Teams Profilbild auch erneuern, da das, das ich im Moment eingestellt habe, ja bei weitem nicht mehr aktuell sei. Es war mein Bewerbungsfoto von vor acht Jahren, als ich dort angefangen habe.<br \/>\nIch habe zuvor geschaut, was professionelle Fotos kosten und mich dann entschlossen im Keller mit Equipment, das ich noch von vor 20 Jahren aus meiner Partyservice Zeit aufgehoben hatte, ein Fotostudio aufzubauen.<br \/>\nUnd das ist dabei herausgekommen.<\/p>\n<figure id=\"attachment_1143\" aria-describedby=\"caption-attachment-1143\" style=\"width: 800px\" class=\"wp-caption aligncenter\"><img loading=\"lazy\" decoding=\"async\" src=\"https:\/\/www.meinedialysereisen.de\/wp-content\/uploads\/2021\/04\/BusinessFoto-e1618693874179.jpg\" alt=\"\" width=\"800\" height=\"513\" class=\"size-full wp-image-1143\" \/><figcaption id=\"caption-attachment-1143\" class=\"wp-caption-text\">Hier die Businessvariante  &nbsp; &nbsp; &nbsp; &nbsp; &nbsp; &nbsp; &nbsp; &nbsp; &nbsp; &nbsp; &nbsp; &nbsp; &nbsp; &nbsp; &nbsp; &nbsp; &nbsp; &nbsp; &nbsp; &nbsp; &nbsp; &nbsp; &nbsp; &nbsp; &nbsp; &nbsp; &nbsp; &nbsp; &nbsp; &nbsp; &nbsp; &nbsp; &nbsp; &nbsp; &nbsp; &nbsp; &nbsp; &nbsp; &nbsp; &nbsp; &nbsp; &nbsp; Und hier die eigentlich wirklich gute Variante \ud83d\ude42<\/figcaption><\/figure>\n<p>Die ersten zwei Wochen war ich fast jeden Tag in meiner Werkstatt und habe an dem Schubladenschrank weitergebaut. Es gab viel Arbeit, wie Spachteln, Schleifen, wieder Spachteln und letztendlich Streichen, die gut am Nachmittag zu erledigen war.<br \/>\nEs war tats\u00e4chlich sehr sehr viel Arbeit, die sich aber gelohnt hat.<\/p>\n<figure id=\"attachment_1125\" aria-describedby=\"caption-attachment-1125\" style=\"width: 800px\" class=\"wp-caption aligncenter\"><img loading=\"lazy\" decoding=\"async\" src=\"https:\/\/www.meinedialysereisen.de\/wp-content\/uploads\/2021\/04\/FertigesKastl-e1618604771566.jpg\" alt=\"\" width=\"800\" height=\"441\" class=\"size-full wp-image-1125\" \/><figcaption id=\"caption-attachment-1125\" class=\"wp-caption-text\">Noch im Rohbau, erstmals die Schubladen drin, Blenden aber nur gesteckt &nbsp; &nbsp; &nbsp; &nbsp; Fertiges Kastl in der Garaderobenische<\/figcaption><\/figure>\n<p>Was mir die letzten Wochen aufgefallen ist, dass ich einiges nicht mehr esse, was ich zu Dialysezeiten gern gegessen habe, bspw. Gew\u00fcrzgurken und so Haferflockenriegel.<br \/>\nDaf\u00fcr esse ich jetzt viel, was ich zuvor nicht gegessen habe. Klar, als Dialysepflichtiger gibt es viel, was man nicht essen kann oder soll, meist wegen zu viel Salz und\/oder Kalium.<br \/>\nAn dieser Stelle mu\u00df ich sagen, dass Kindariegel eigentlich unters BTM Gesetz fallen sollten. Ganz schlimm, da gehen schon mal 10 Riegel am Tag weg. Und man kauft sie immer wieder, obwohl man gar nicht will.<br \/>\nNachdem ich aber eine Sendung \u00fcber den Hersteller gesehen habe und jetzt wei\u00df, dass ein Kindariegel eigentlich nur aus Fett und Zucker besteht und ein Riegel soviel Zucker hat wie drei W\u00fcrfelzucker, hat das ein Ende genommen.<br \/>\nMein Tragl Spezi ist auch noch nicht leergetrunken. Das mit dem vielen Zucker, der \u00fcberall in unglaublichen Mengen drin ist, ist schon schlimm.<\/p>\n<p>Der Tracolimusspiegel war immer noch zu hoch und ich war weiter regelm\u00e4\u00dfig bei der Kontrolle und die Immunies wurden jedes Mal weiter reduziert.<br \/>\nAm 25. M\u00e4rz wurde der Doppel-J-Katheter gezogen, der zwischen Niere und Blase liegt, um den empfindlichen Harnleiter zu unterst\u00fctzen. Wegen der Feiertage direkt nach der Anschlu\u00dfheilma\u00dfnahme und der zweiten Coronawelle wurde mir gesagt, dass wir damit noch etwas warten. Da der Katheter \u00fcber eine Blasenspiegelung gezogen wird war mir das auch ganz recht, obgleich klar war, dass ich da nicht auskomm.<br \/>\nUnd am 25. war der unausweichliche Termin.<br \/>\nSo schlimm war es dann aber gar nicht, wobei es sicherlich Angenehmeres gibt.<\/p>\n<p>Auf dem Berg war ich im M\u00e4rz nur zwei Mal gegen Monatsende, da ich mich nach der Aktion am Latschenkopf schonen wollte. Und das Kastl mu\u00dfte ich ja auch fertig machen, daher fiel mir es auch nicht so schwer mal nicht auf den Berg zu gehen.<\/p>\n","protected":false},"excerpt":{"rendered":"<div class=\"mh-excerpt\"><p>Am 1. M\u00e4rz um 9:00 Uhr hatte ich den wichtigsten Termin seit Langem. Bekanntlich endete am 1. M\u00e4rz der Winterlockdown und ich hatte um 9:00 <a class=\"mh-excerpt-more\" href=\"https:\/\/www.meinedialysereisen.de\/?page_id=1118\" title=\"Monat 5 &#8211; M\u00e4rz 2021\">[&#8230;]<\/a><\/p>\n<\/div>","protected":false},"author":1,"featured_media":0,"parent":0,"menu_order":0,"comment_status":"closed","ping_status":"closed","template":"template-full.php","meta":{"footnotes":""},"class_list":["post-1118","page","type-page","status-publish","hentry"],"_links":{"self":[{"href":"https:\/\/www.meinedialysereisen.de\/index.php?rest_route=\/wp\/v2\/pages\/1118","targetHints":{"allow":["GET"]}}],"collection":[{"href":"https:\/\/www.meinedialysereisen.de\/index.php?rest_route=\/wp\/v2\/pages"}],"about":[{"href":"https:\/\/www.meinedialysereisen.de\/index.php?rest_route=\/wp\/v2\/types\/page"}],"author":[{"embeddable":true,"href":"https:\/\/www.meinedialysereisen.de\/index.php?rest_route=\/wp\/v2\/users\/1"}],"replies":[{"embeddable":true,"href":"https:\/\/www.meinedialysereisen.de\/index.php?rest_route=%2Fwp%2Fv2%2Fcomments&post=1118"}],"version-history":[{"count":33,"href":"https:\/\/www.meinedialysereisen.de\/index.php?rest_route=\/wp\/v2\/pages\/1118\/revisions"}],"predecessor-version":[{"id":1158,"href":"https:\/\/www.meinedialysereisen.de\/index.php?rest_route=\/wp\/v2\/pages\/1118\/revisions\/1158"}],"wp:attachment":[{"href":"https:\/\/www.meinedialysereisen.de\/index.php?rest_route=%2Fwp%2Fv2%2Fmedia&parent=1118"}],"curies":[{"name":"wp","href":"https:\/\/api.w.org\/{rel}","templated":true}]}}

Monat 5 &#8211; März 2021

<p>Am 1. März um 9:00 Uhr hatte ich den wichtigsten Termin seit Langem. Bekanntlich endete am 1. März der Winterlockdown und ich hatte um 9:00 Uhr den ersten Termin beim Barbier.<br />
Und dass das nötig war sieht man auf den vorher &#8211; nachher Fotos.</p>
<figure id="attachment_1138" aria-describedby="caption-attachment-1138" style="width: 800px" class="wp-caption aligncenter"><img loading="lazy" decoding="async" src="https://www.meinedialysereisen.de/wp-content/uploads/2021/04/Barbier_im_Maerz-e1618693290426.jpg" alt="" width="800" height="513" class="size-full wp-image-1138" /><figcaption id="caption-attachment-1138" class="wp-caption-text">Hier sehe ich aus, wie wenn ich unter einer Brücke schlafen würde &nbsp; &nbsp; Hier schon wieder deutlich kultivierter</figcaption></figure>
<p>Da einige Kollegen meinten, ich solle mein Teams Profilbild auch erneuern, da das, das ich im Moment eingestellt habe, ja bei weitem nicht mehr aktuell sei. Es war mein Bewerbungsfoto von vor acht Jahren, als ich dort angefangen habe.<br />
Ich habe zuvor geschaut, was professionelle Fotos kosten und mich dann entschlossen im Keller mit Equipment, das ich noch von vor 20 Jahren aus meiner Partyservice Zeit aufgehoben hatte, ein Fotostudio aufzubauen.<br />
Und das ist dabei herausgekommen.</p>
<figure id="attachment_1143" aria-describedby="caption-attachment-1143" style="width: 800px" class="wp-caption aligncenter"><img loading="lazy" decoding="async" src="https://www.meinedialysereisen.de/wp-content/uploads/2021/04/BusinessFoto-e1618693874179.jpg" alt="" width="800" height="513" class="size-full wp-image-1143" /><figcaption id="caption-attachment-1143" class="wp-caption-text">Hier die Businessvariante  &nbsp; &nbsp; &nbsp; &nbsp; &nbsp; &nbsp; &nbsp; &nbsp; &nbsp; &nbsp; &nbsp; &nbsp; &nbsp; &nbsp; &nbsp; &nbsp; &nbsp; &nbsp; &nbsp; &nbsp; &nbsp; &nbsp; &nbsp; &nbsp; &nbsp; &nbsp; &nbsp; &nbsp; &nbsp; &nbsp; &nbsp; &nbsp; &nbsp; &nbsp; &nbsp; &nbsp; &nbsp; &nbsp; &nbsp; &nbsp; &nbsp; &nbsp; Und hier die eigentlich wirklich gute Variante 🙂</figcaption></figure>
<p>Die ersten zwei Wochen war ich fast jeden Tag in meiner Werkstatt und habe an dem Schubladenschrank weitergebaut. Es gab viel Arbeit, wie Spachteln, Schleifen, wieder Spachteln und letztendlich Streichen, die gut am Nachmittag zu erledigen war.<br />
Es war tatsächlich sehr sehr viel Arbeit, die sich aber gelohnt hat.</p>
<figure id="attachment_1125" aria-describedby="caption-attachment-1125" style="width: 800px" class="wp-caption aligncenter"><img loading="lazy" decoding="async" src="https://www.meinedialysereisen.de/wp-content/uploads/2021/04/FertigesKastl-e1618604771566.jpg" alt="" width="800" height="441" class="size-full wp-image-1125" /><figcaption id="caption-attachment-1125" class="wp-caption-text">Noch im Rohbau, erstmals die Schubladen drin, Blenden aber nur gesteckt &nbsp; &nbsp; &nbsp; &nbsp; Fertiges Kastl in der Garaderobenische</figcaption></figure>
<p>Was mir die letzten Wochen aufgefallen ist, dass ich einiges nicht mehr esse, was ich zu Dialysezeiten gern gegessen habe, bspw. Gewürzgurken und so Haferflockenriegel.<br />
Dafür esse ich jetzt viel, was ich zuvor nicht gegessen habe. Klar, als Dialysepflichtiger gibt es viel, was man nicht essen kann oder soll, meist wegen zu viel Salz und/oder Kalium.<br />
An dieser Stelle muß ich sagen, dass Kindariegel eigentlich unters BTM Gesetz fallen sollten. Ganz schlimm, da gehen schon mal 10 Riegel am Tag weg. Und man kauft sie immer wieder, obwohl man gar nicht will.<br />
Nachdem ich aber eine Sendung über den Hersteller gesehen habe und jetzt weiß, dass ein Kindariegel eigentlich nur aus Fett und Zucker besteht und ein Riegel soviel Zucker hat wie drei Würfelzucker, hat das ein Ende genommen.<br />
Mein Tragl Spezi ist auch noch nicht leergetrunken. Das mit dem vielen Zucker, der überall in unglaublichen Mengen drin ist, ist schon schlimm.</p>
<p>Der Tracolimusspiegel war immer noch zu hoch und ich war weiter regelmäßig bei der Kontrolle und die Immunies wurden jedes Mal weiter reduziert.<br />
Am 25. März wurde der Doppel-J-Katheter gezogen, der zwischen Niere und Blase liegt, um den empfindlichen Harnleiter zu unterstützen. Wegen der Feiertage direkt nach der Anschlußheilmaßnahme und der zweiten Coronawelle wurde mir gesagt, dass wir damit noch etwas warten. Da der Katheter über eine Blasenspiegelung gezogen wird war mir das auch ganz recht, obgleich klar war, dass ich da nicht auskomm.<br />
Und am 25. war der unausweichliche Termin.<br />
So schlimm war es dann aber gar nicht, wobei es sicherlich Angenehmeres gibt.</p>
<p>Auf dem Berg war ich im März nur zwei Mal gegen Monatsende, da ich mich nach der Aktion am Latschenkopf schonen wollte. Und das Kastl mußte ich ja auch fertig machen, daher fiel mir es auch nicht so schwer mal nicht auf den Berg zu gehen.</p>

<div class="mh-excerpt"><p>Am 1. März um 9:00 Uhr hatte ich den wichtigsten Termin seit Langem. Bekanntlich endete am 1. März der Winterlockdown und ich hatte um 9:00 <a class="mh-excerpt-more" href="https://www.meinedialysereisen.de/?page_id=1118" title="Monat 5 &#8211; März 2021">[&#8230;]</a></p>
</div>
